{"id":2913,"date":"2021-07-06T16:06:56","date_gmt":"2021-07-06T16:06:56","guid":{"rendered":"https:\/\/freiraum-holzgestaltung.de\/woodi\/?post_type=product&#038;p=2913"},"modified":"2023-03-30T10:27:05","modified_gmt":"2023-03-30T10:27:05","slug":"bauanleitungen-set-woodi-schwerlast-trailer-bundle-103-seiten","status":"publish","type":"product","link":"https:\/\/freiraum-holzgestaltung.de\/woodi\/produkt\/bauanleitungen-set-woodi-schwerlast-trailer-bundle-103-seiten\/","title":{"rendered":"NEU &#8211; Bauanleitungen im Set &#8211; Woodi &#038; Schwerlast-Trailer &#8211; Bundle 103 Seiten"},"content":{"rendered":"<p><strong>Die Zuladung des Lastenrades betr\u00e4gt 185 kg (Fahrer + Last).<\/strong> Woodi f\u00e4hrt sich auch ohne Motor angenehm leicht. Als Antrieb kann ein Xiongda-2-Gang Berg-Motor oder ein vergleichbarer Cargo &#8211; E-Bike Heckmotor eingebaut werden. Das Rad ist bergtauglich bis ca. 15% Steigung auch mit Beifahrer\/In.<\/p>\n<p>&nbsp;<\/p>\n<p><strong>Der erste Bauplan beinhaltet<\/strong> neben der ausf\u00fchrlichen und anschaulich bebilderten Anleitung auch Erfahrungsberichte aus der Lastenrad-Praxis und Grundlagen des Holz-Fahrrad-Rahmenbaus:<\/p>\n<ul>\n<li>Detailierte Schritt- f\u00fcr Schritt Lastenrad Baubeschreibung<\/li>\n<li>PDF mit 69 Seiten<\/li>\n<li>95 farbige Abbildungen, Zeichnungen und Tabellen<\/li>\n<li>Grundlagen Holz-Rahmenbau<\/li>\n<li>Lastenrad-Praxis<\/li>\n<li>Erfahrungsberichte<\/li>\n<li>Einbau 2-Gang Bergmotor<\/li>\n<li>Werkstatt-Tipps<\/li>\n<li>Holzauswahl<\/li>\n<li>Extrakapitel Bergsteigf\u00e4higkeit<\/li>\n<li>Hinweise zur Komponentenauswahl<\/li>\n<li>Heck-Schwerlasttr\u00e4ger-Bau fast ganz ohne Schwei\u00dfarbeiten<\/li>\n<li>u.v.m.<\/li>\n<\/ul>\n<p>(Basic-Lizenz-Privat mit Vervielf\u00e4ltigungs- und Selbstbaurecht bis maximal 3 Offline-Kopien der Bauanleitung f\u00fcr private Nutzung und Gebrauch.)<\/p>\n<p>&nbsp;<\/p>\n<p><strong>Der zweite Bauplan beinhaltet<\/strong><\/p>\n<ul>\n<li>Detailierte Schritt- f\u00fcr Schritt Lastenanh\u00e4nger Bauanleitung<\/li>\n<li>PDF mit 34 Seiten<\/li>\n<li>\u00dcber 30 farbige Abbildungen und Bauzeichnungen f\u00fcr einfachen Selbstbau<\/li>\n<li>Fahrrad-Anh\u00e4nger-Praxis<\/li>\n<li>Mit gro\u00dfer Markt\u00fcbersicht aktueller Serien-Schwerlast-Fahrradanh\u00e4nger bis 250 kg<\/li>\n<li>Extrakapitel fahren mit E-Bike-Lastenanh\u00e4nger-Gespann<\/li>\n<li>Bergsteigf\u00e4higkeit, M\u00f6glichkeiten &amp; Grenzen<\/li>\n<li>Was ist beim Anh\u00e4nger selber bauen erlaubt? \u2013 die Rechtslage<\/li>\n<li>Bauzeichnungen im Vektor-Format zum beliebigen Skalieren<\/li>\n<li>Praxiserprobt<\/li>\n<\/ul>\n<p>&nbsp;<\/p>\n","protected":false},"excerpt":{"rendered":"<p><strong>Lastenrad &amp; Anh\u00e4nger Bauanleitungen im Set | 103 Seiten |<\/strong> <strong>120 Abbildungen, Zeichnungen und Tabellen. <\/strong>Bau-Ratgeber mit Praxis-Tipp\u2019s und detaillierten Schritt-f\u00fcr-Schritt-Anleitungen.<\/p>\n<p><strong>01 Woodi Lastenrad:<\/strong><\/p>\n<ul>\n<li>Hohe Stabilit\u00e4t durch verwindungssteifen Rahmen<\/li>\n<li>Langer Hecktr\u00e4ger (85 cm)<\/li>\n<li>Gro\u00dfer Radstand &#8211; extrem spurtreu auch mit Last<\/li>\n<li>Fahrverhalten nah am Normalrad<\/li>\n<li>Einfach und preiswert zu bauen<\/li>\n<li>Auff\u00e4llige Erscheinung &#8211; Ideal auch als Werbetr\u00e4ger<\/li>\n<\/ul>\n<p><strong>02 Schwerlast-Anh\u00e4nger:<\/strong><\/p>\n<p>Stabile Zwei- und Einachs-Lastenanh\u00e4nger f\u00fcr Fahrr\u00e4der und E-Bikes selbst bauen. F\u00fcr Lasten bis 4 Meter L\u00e4nge. Mit verstellbarer und in der Zweiachsversion beweglich gelagerter Selbstbau-Langdeichsel. Bordw\u00e4nde aus Holz und Bausatz-Grundrahmen aus Stahl. Einfache robuste DIY-Konstruktion. Praxiserprobt.<\/p>\n","protected":false},"featured_media":2915,"comment_status":"open","ping_status":"closed","template":"","meta":[],"product_cat":[26],"product_tag":[],"_links":{"self":[{"href":"https:\/\/freiraum-holzgestaltung.de\/woodi\/wp-json\/wp\/v2\/product\/2913"}],"collection":[{"href":"https:\/\/freiraum-holzgestaltung.de\/woodi\/wp-json\/wp\/v2\/product"}],"about":[{"href":"https:\/\/freiraum-holzgestaltung.de\/woodi\/wp-json\/wp\/v2\/types\/product"}],"replies":[{"embeddable":true,"href":"https:\/\/freiraum-holzgestaltung.de\/woodi\/wp-json\/wp\/v2\/comments?post=2913"}],"wp:featuredmedia":[{"embeddable":true,"href":"https:\/\/freiraum-holzgestaltung.de\/woodi\/wp-json\/wp\/v2\/media\/2915"}],"wp:attachment":[{"href":"https:\/\/freiraum-holzgestaltung.de\/woodi\/wp-json\/wp\/v2\/media?parent=2913"}],"wp:term":[{"taxonomy":"product_cat","embeddable":true,"href":"https:\/\/freiraum-holzgestaltung.de\/woodi\/wp-json\/wp\/v2\/product_cat?post=2913"},{"taxonomy":"product_tag","embeddable":true,"href":"https:\/\/freiraum-holzgestaltung.de\/woodi\/wp-json\/wp\/v2\/product_tag?post=2913"}],"curies":[{"name":"wp","href":"https:\/\/api.w.org\/{rel}","templated":true}]}}