{"id":3535,"date":"2023-12-31T07:44:58","date_gmt":"2023-12-31T07:44:58","guid":{"rendered":"https:\/\/freiraum-holzgestaltung.de\/woodi\/?page_id=3535"},"modified":"2023-12-31T07:44:59","modified_gmt":"2023-12-31T07:44:59","slug":"diy-schwerlast-fahrradanhanger","status":"publish","type":"page","link":"https:\/\/freiraum-holzgestaltung.de\/woodi\/diy-schwerlast-fahrradanhanger\/","title":{"rendered":"DIY Schwerlast-Fahrradanh\u00e4nger"},"content":{"rendered":"<div class=\"gb-container gb-container-def7af25\"><div class=\"gb-inside-container\">\n<h1 class=\"gb-headline gb-headline-239ffa53 gb-headline-text shadow\"><br>Schwerlast<br>Fahrradanh\u00e4nger<br><\/h1>\n\n<h1 class=\"gb-headline gb-headline-ae21d6a0 gb-headline-text shadow\"> &#8211; 200kg f\u00fcr 5m Holzst\u00e4mme<\/h1>\n\n<div class=\"gb-button-wrapper gb-button-wrapper-df1dde53\">\n<a class=\"gb-button gb-button-599e29ca gb-button-text\" href=\"https:\/\/freiraum-holzgestaltung.de\/woodi\/produkt\/fahrradanhaenger-selber-bauen-bauanleitung\/\" target=\"_blank\" rel=\"noopener noreferrer\">&gt;&gt;&gt; ZUR FAHRRAD-LASTENANH\u00c4NGER BAUANLEITUNG<\/a>\n<\/div>\n<\/div><\/div><div class=\"gb-grid-wrapper gb-grid-wrapper-05e5c43c\">\n<div class=\"gb-grid-column gb-grid-column-8411f067\"><div class=\"gb-container gb-container-8411f067\"><div class=\"gb-inside-container\">\n<h2 class=\"has-background wp-block-heading\" style=\"font-size:26px;background-color:#d3d3d3\"><strong>Schwerlast -Fahrradanh\u00e4nger<\/strong> 200kg f\u00fcr Holzst\u00e4mme bis 5m L\u00e4nge<\/h2>\n\n<figure class=\"wp-block-image size-large\"><img loading=\"lazy\" decoding=\"async\" width=\"804\" height=\"384\" src=\"https:\/\/freiraum-holzgestaltung.de\/woodi\/wp-content\/uploads\/2023\/12\/fahrradanhaenger-schwerlas-selber-bauen.jpg\" alt=\"\" class=\"wp-image-3538\" srcset=\"https:\/\/freiraum-holzgestaltung.de\/woodi\/wp-content\/uploads\/2023\/12\/fahrradanhaenger-schwerlas-selber-bauen.jpg 804w, https:\/\/freiraum-holzgestaltung.de\/woodi\/wp-content\/uploads\/2023\/12\/fahrradanhaenger-schwerlas-selber-bauen-300x143.jpg 300w, https:\/\/freiraum-holzgestaltung.de\/woodi\/wp-content\/uploads\/2023\/12\/fahrradanhaenger-schwerlas-selber-bauen-768x367.jpg 768w, https:\/\/freiraum-holzgestaltung.de\/woodi\/wp-content\/uploads\/2023\/12\/fahrradanhaenger-schwerlas-selber-bauen-500x239.jpg 500w\" sizes=\"(max-width: 804px) 100vw, 804px\" \/><figcaption>fahrradanh\u00e4nger-schwerlast f\u00fcr Holz-selber-bauen <\/figcaption><\/figure>\n\n<h3 class=\"gb-headline gb-headline-1d65ac48 gb-headline-text\">Unglaublich, was man mit einem Fahrrad alles transportieren kann!<\/h3>\n\n<p>Selbstbau Schwerlast-Fahrradanh\u00e4nger f\u00fcr Holzst\u00e4mme und andere Lasten bis 5m L\u00e4nge und 200kg Gewicht. Einfach aus einem Hartholzbalken, zwei alten R\u00e4dern, einem 12mm Gewindestab und ein paar alten Metallteilen selbst gebaut. Damit haben wir in ca. 3 Stunden 5 Robinien-Holzst\u00e4mme mit einem Gesamtgewicht von ca. 500kg \u00fcber eine Strecke von etwa 5km mit ca.100 Hm transportiert.<\/p>\n\n<p>Hier die neuen Videos dazu:<\/p>\n\n<figure class=\"wp-block-embed-youtube wp-block-embed is-type-video is-provider-youtube wp-embed-aspect-16-9 wp-has-aspect-ratio\"><div class=\"wp-block-embed__wrapper\">\n<iframe loading=\"lazy\" title=\"DIY bike trailer for logs - Fahrradanh\u00e4nger f\u00fcr Holzst\u00e4mme\" width=\"1200\" height=\"675\" src=\"https:\/\/www.youtube.com\/embed\/1FFP8bqeV-U?feature=oembed\" frameborder=\"0\" allow=\"accelerometer; autoplay; clipboard-write; encrypted-media; gyroscope; picture-in-picture; web-share\" allowfullscreen><\/iframe>\n<\/div><\/figure>\n\n<p><\/p>\n\n<p>Der Selbstbau-Anh\u00e4nger wird vom Musketier gezogen. Das Lastenrad Musketier von Radkutsche ist jetzt bei uns seit 5 Jahren im Einsatz &#8211; im Video unten ziehe ich noch ein kleines Fazit und zeige den Einbau der Kugelkopf-Anh\u00e4ngerkupplung an diesem Cargo Bike. Viel Spa\u00df<\/p>\n\n<figure class=\"wp-block-embed-youtube wp-block-embed is-type-video is-provider-youtube wp-embed-aspect-16-9 wp-has-aspect-ratio\"><div class=\"wp-block-embed__wrapper\">\n<iframe loading=\"lazy\" title=\"Lastenrad Musketier Fazit nach 5 Jahren + Einbau Anh\u00e4ngerkupplung\" width=\"1200\" height=\"675\" src=\"https:\/\/www.youtube.com\/embed\/iiOjI3rwqTo?feature=oembed\" frameborder=\"0\" allow=\"accelerometer; autoplay; clipboard-write; encrypted-media; gyroscope; picture-in-picture; web-share\" allowfullscreen><\/iframe>\n<\/div><\/figure>\n\n<h2 class=\"has-background wp-block-heading\" style=\"font-size:26px;background-color:#d3d3d3\"><strong>DIY -Fahrradanh\u00e4nger<\/strong> Bauanleitung zum herunterladen<\/h2>\n\n<div class=\"wp-block-media-text alignwide is-stacked-on-mobile is-vertically-aligned-top\" style=\"grid-template-columns:61% auto\"><figure class=\"wp-block-media-text__media\"><a href=\"https:\/\/freiraum-holzgestaltung.de\/woodi\/produkt\/fahrradanhaenger-selber-bauen-bauanleitung\/\" target=\"_blank\" rel=\"noopener noreferrer\"><img loading=\"lazy\" decoding=\"async\" width=\"900\" height=\"637\" src=\"https:\/\/freiraum-holzgestaltung.de\/woodi\/wp-content\/uploads\/2021\/04\/fahrradanhaenger-selber-bauen-bauanleitung-titel-pdf.jpg\" alt=\"fahrradanhaenger selber bauen - Die bauanleitung f\u00fcr den Lastenanh\u00e4nger.\" class=\"wp-image-2574\" srcset=\"https:\/\/freiraum-holzgestaltung.de\/woodi\/wp-content\/uploads\/2021\/04\/fahrradanhaenger-selber-bauen-bauanleitung-titel-pdf.jpg 900w, https:\/\/freiraum-holzgestaltung.de\/woodi\/wp-content\/uploads\/2021\/04\/fahrradanhaenger-selber-bauen-bauanleitung-titel-pdf-300x212.jpg 300w, https:\/\/freiraum-holzgestaltung.de\/woodi\/wp-content\/uploads\/2021\/04\/fahrradanhaenger-selber-bauen-bauanleitung-titel-pdf-768x544.jpg 768w, https:\/\/freiraum-holzgestaltung.de\/woodi\/wp-content\/uploads\/2021\/04\/fahrradanhaenger-selber-bauen-bauanleitung-titel-pdf-500x354.jpg 500w\" sizes=\"(max-width: 900px) 100vw, 900px\" \/><\/a><\/figure><div class=\"wp-block-media-text__content\"><p>Stabile Zwei- und Einachs-Lastenanh\u00e4nger f\u00fcr Fahrr\u00e4der und E-Bikes selbst bauen. F\u00fcr Lasten bis 4 Meter L\u00e4nge. Mit verstellbarer und in der Zweiachsversion beweglich gelagerter Selbstbau-Langdeichsel. Der Fahrradanh\u00e4nger hat Bordw\u00e4nde aus Holz und einen Bausatz-Grundrahmen aus Stahl. Einfache robuste DIY-Konstruktion. Praxiserprobt.<\/p>\n\n<p><strong>Aus dem Inhalt:<\/strong><\/p>\n\n<ul><li>Detailierte Schritt- f\u00fcr Schritt Lastenanh\u00e4nger Bauanleitung<\/li><li>PDF mit 34 Seiten<\/li><li>\u00dcber 30 farbige Abbildungen und Bauzeichnungen f\u00fcr einfachen Selbstbau<\/li><li>Fahrrad-Anh\u00e4nger-Praxis <\/li><li>Mit gro\u00dfer Markt\u00fcbersicht aktueller Serien-Schwerlast-Fahrradanh\u00e4nger bis 250 kg<\/li><li>Extrakapitel fahren mit E-Bike-Lastenanh\u00e4nger-Gespann<\/li><li>Bergsteigf\u00e4higkeit, M\u00f6glichkeiten &amp; Grenzen <\/li><li>Was ist beim Anh\u00e4nger selber bauen erlaubt? &#8211; die Rechtslage<\/li><li>Bauzeichnungen im Vektor-Format zum beliebigen Skalieren<\/li><li>u.v.m.<\/li><\/ul>\n\n<div style=\"height:20px\" aria-hidden=\"true\" class=\"wp-block-spacer\"><\/div>\n\n<div class=\"gb-button-wrapper gb-button-wrapper-2fb0272f\">\n<a class=\"gb-button gb-button-8fe77cbc\" href=\"https:\/\/freiraum-holzgestaltung.de\/woodi\/produkt\/fahrradanhaenger-selber-bauen-bauanleitung\/\" target=\"_blank\" rel=\"noopener noreferrer\"><span class=\"gb-icon\"><svg xmlns=\"http:\/\/www.w3.org\/2000\/svg\" viewBox=\"0 0 256 512\" width=\"1em\" height=\"1em\" aria-hidden=\"true\"><path d=\"M224.3 273l-136 136c-9.4 9.4-24.6 9.4-33.9 0l-22.6-22.6c-9.4-9.4-9.4-24.6 0-33.9l96.4-96.4-96.4-96.4c-9.4-9.4-9.4-24.6 0-33.9L54.3 103c9.4-9.4 24.6-9.4 33.9 0l136 136c9.5 9.4 9.5 24.6.1 34z\" fill=\"currentColor\"><\/path><\/svg><\/span><span class=\"gb-button-text\"> Zur Bauanleitung<\/span><\/a>\n\n<a class=\"gb-button gb-button-ffd6d221\" href=\"#leseprobe\"><span class=\"gb-icon\"><svg xmlns=\"http:\/\/www.w3.org\/2000\/svg\" viewBox=\"0 0 448 512\" width=\"1em\" height=\"1em\" aria-hidden=\"true\"><path d=\"M16 132h416c8.837 0 16-7.163 16-16V76c0-8.837-7.163-16-16-16H16C7.163 60 0 67.163 0 76v40c0 8.837 7.163 16 16 16zm0 160h416c8.837 0 16-7.163 16-16v-40c0-8.837-7.163-16-16-16H16c-8.837 0-16 7.163-16 16v40c0 8.837 7.163 16 16 16zm0 160h416c8.837 0 16-7.163 16-16v-40c0-8.837-7.163-16-16-16H16c-8.837 0-16 7.163-16 16v40c0 8.837 7.163 16 16 16z\" fill=\"currentColor\"><\/path><\/svg><\/span><span class=\"gb-button-text\">Erst Probe-Lesen<\/span><\/a>\n<\/div>\n\n<p><\/p><\/div><\/div>\n\n<hr class=\"wp-block-separator has-text-color has-background has-luminous-vivid-orange-background-color has-luminous-vivid-orange-color is-style-wide\"\/>\n<\/div><\/div><\/div>\n<\/div><div class=\"gb-container gb-container-f9d27f2a\"><div class=\"gb-inside-container\">\n<p class=\"has-text-align-right\"><strong>&gt;&gt;&gt;<a rel=\"noreferrer noopener\" href=\"https:\/\/www.youtube.com\/channel\/UCZgPGfpSYbXP_LyLwPWfEuA\" target=\"_blank\" class=\"rank-math-link\"> Woodi Lastenrad Kanal auf youtube<\/a><\/strong><\/p>\n\n<p class=\"has-text-align-right\"><strong>&gt;&gt;&gt; <a aria-label=\"Zum Fahrradanh\u00e4nger Test | 30 Modelle im Vergleich bis 200 kg (opens in a new tab)\" rel=\"noreferrer noopener\" href=\"https:\/\/freiraum-holzgestaltung.de\/woodi\/fahrradanhaenger-test-modellvergleich-200kg\" target=\"_blank\" class=\"rank-math-link\">Zur Fahrradanh\u00e4nger \u00dcbersicht | 30 Modelle im Vergleich bis 200 kg<\/a><\/strong><\/p>\n\n<div class=\"gb-grid-wrapper gb-grid-wrapper-94ac3ef3\">\n<div class=\"gb-grid-column gb-grid-column-feaa1fe1\"><div class=\"gb-container gb-container-feaa1fe1\"><div class=\"gb-inside-container\">\n<div style=\"height:100px\" aria-hidden=\"true\" class=\"wp-block-spacer\"><\/div>\n<\/div><\/div><\/div>\n<\/div>\n<\/div><\/div>","protected":false},"excerpt":{"rendered":"<p>SchwerlastFahrradanh\u00e4nger &#8211; 200kg f\u00fcr 5m Holzst\u00e4mme &gt;&gt;&gt; Woodi Lastenrad Kanal auf youtube &gt;&gt;&gt; Zur Fahrradanh\u00e4nger \u00dcbersicht | 30 Modelle im Vergleich bis 200 kg<\/p>\n","protected":false},"author":1,"featured_media":3537,"parent":0,"menu_order":0,"comment_status":"closed","ping_status":"closed","template":"","meta":{"footnotes":""},"_links":{"self":[{"href":"https:\/\/freiraum-holzgestaltung.de\/woodi\/wp-json\/wp\/v2\/pages\/3535"}],"collection":[{"href":"https:\/\/freiraum-holzgestaltung.de\/woodi\/wp-json\/wp\/v2\/pages"}],"about":[{"href":"https:\/\/freiraum-holzgestaltung.de\/woodi\/wp-json\/wp\/v2\/types\/page"}],"author":[{"embeddable":true,"href":"https:\/\/freiraum-holzgestaltung.de\/woodi\/wp-json\/wp\/v2\/users\/1"}],"replies":[{"embeddable":true,"href":"https:\/\/freiraum-holzgestaltung.de\/woodi\/wp-json\/wp\/v2\/comments?post=3535"}],"version-history":[{"count":3,"href":"https:\/\/freiraum-holzgestaltung.de\/woodi\/wp-json\/wp\/v2\/pages\/3535\/revisions"}],"predecessor-version":[{"id":3541,"href":"https:\/\/freiraum-holzgestaltung.de\/woodi\/wp-json\/wp\/v2\/pages\/3535\/revisions\/3541"}],"wp:featuredmedia":[{"embeddable":true,"href":"https:\/\/freiraum-holzgestaltung.de\/woodi\/wp-json\/wp\/v2\/media\/3537"}],"wp:attachment":[{"href":"https:\/\/freiraum-holzgestaltung.de\/woodi\/wp-json\/wp\/v2\/media?parent=3535"}],"curies":[{"name":"wp","href":"https:\/\/api.w.org\/{rel}","templated":true}]}}