{"id":3403,"date":"2023-04-01T17:00:46","date_gmt":"2023-04-01T17:00:46","guid":{"rendered":"https:\/\/freiraum-holzgestaltung.de\/woodi\/?page_id=3403"},"modified":"2023-04-02T09:34:53","modified_gmt":"2023-04-02T09:34:53","slug":"triban-rc120-decathlon","status":"publish","type":"page","link":"https:\/\/freiraum-holzgestaltung.de\/woodi\/triban-rc120-decathlon\/","title":{"rendered":"Triban RC120 &#8211; Multitalent von Decathlon?"},"content":{"rendered":"<h2 class=\"has-luminous-vivid-orange-color has-text-color wp-block-heading\">Das Hobby-Rennrad Triban RC120 wurde kosteng\u00fcnstig zum Gravel-Touren Bike umgebaut<\/h2><p><strong>Hallo Bike- und Selbstbau Freunde.<\/strong> Das Decathlon Triban RC 120 bietet viel Hobby-Rennrad f\u00fcrs Geld. Da es stabil gebaut ist und mit Scheibenbremsen ausgestattet auch sicher mit etwas Last zu fahren ist, habe ich das Triban RC120 zum Gravel-Touren Urlaubsbike umgebaut. Im Video seht ihr es in Aktion auf dem Elberadweg im Elbsandsteingebirge.<\/p><figure class=\"wp-block-embed-youtube wp-block-embed is-type-video is-provider-youtube wp-embed-aspect-16-9 wp-has-aspect-ratio\"><div class=\"wp-block-embed__wrapper\">\n<iframe loading=\"lazy\" title=\"Elbe-Radweg | Unterwegs mit dem Gravelbike-Tourer-Umbau auf Basis des Triban RC120\" width=\"1200\" height=\"675\" src=\"https:\/\/www.youtube.com\/embed\/-qcFsakuxi8?feature=oembed\" frameborder=\"0\" allow=\"accelerometer; autoplay; clipboard-write; encrypted-media; gyroscope; picture-in-picture; web-share\" allowfullscreen><\/iframe>\n<\/div><figcaption>Unterwegs mit dem Triban RC 120<\/figcaption><\/figure><p><strong>Das Decathlon Rennrad <\/strong>hat einen klassischen Rennradlenker. Er bietet viele Griffm\u00f6glichkeiten und erm\u00f6glicht unterschiedliche Sitzpositionen. Die 16-Gang-Kettenschaltung schaltet prima. Das Getriebe ist mit Shimano- und Microshift-Komponenten ausgestattet. <\/p><figure class=\"wp-block-image size-large\"><img loading=\"lazy\" decoding=\"async\" width=\"809\" height=\"523\" src=\"https:\/\/freiraum-holzgestaltung.de\/woodi\/wp-content\/uploads\/2023\/04\/triban-rc120-gravelbike-tourer-umbau.jpg\" alt=\"triban-rc120-gravelbike-tourer\" class=\"wp-image-3409\" srcset=\"https:\/\/freiraum-holzgestaltung.de\/woodi\/wp-content\/uploads\/2023\/04\/triban-rc120-gravelbike-tourer-umbau.jpg 809w, https:\/\/freiraum-holzgestaltung.de\/woodi\/wp-content\/uploads\/2023\/04\/triban-rc120-gravelbike-tourer-umbau-300x194.jpg 300w, https:\/\/freiraum-holzgestaltung.de\/woodi\/wp-content\/uploads\/2023\/04\/triban-rc120-gravelbike-tourer-umbau-768x496.jpg 768w, https:\/\/freiraum-holzgestaltung.de\/woodi\/wp-content\/uploads\/2023\/04\/triban-rc120-gravelbike-tourer-umbau-500x323.jpg 500w\" sizes=\"(max-width: 809px) 100vw, 809px\" \/><figcaption>Mit dem triban-rc120-unterwegs<\/figcaption><\/figure><p><strong>Das Triban RC120 ist ein stylisches Rennrad<\/strong> mit aufrechtem Sitz, klassischem Rennlenker und einem sportlichen Aluminiumrahmen. Es ist in f\u00fcnf verschiedenen Rahmengr\u00f6\u00dfen erh\u00e4ltlich. Du kannst das RC120 mit Zubeh\u00f6r aufr\u00fcsten. <\/p><figure class=\"wp-block-image size-large\"><img loading=\"lazy\" decoding=\"async\" width=\"1024\" height=\"446\" src=\"https:\/\/freiraum-holzgestaltung.de\/woodi\/wp-content\/uploads\/2023\/04\/triban-rc120-gravelbike-tourer-umbau02-1024x446.jpg\" alt=\"triban-rc120-tourer\" class=\"wp-image-3411\" srcset=\"https:\/\/freiraum-holzgestaltung.de\/woodi\/wp-content\/uploads\/2023\/04\/triban-rc120-gravelbike-tourer-umbau02-1024x446.jpg 1024w, https:\/\/freiraum-holzgestaltung.de\/woodi\/wp-content\/uploads\/2023\/04\/triban-rc120-gravelbike-tourer-umbau02-300x131.jpg 300w, https:\/\/freiraum-holzgestaltung.de\/woodi\/wp-content\/uploads\/2023\/04\/triban-rc120-gravelbike-tourer-umbau02-768x334.jpg 768w, https:\/\/freiraum-holzgestaltung.de\/woodi\/wp-content\/uploads\/2023\/04\/triban-rc120-gravelbike-tourer-umbau02-500x218.jpg 500w, https:\/\/freiraum-holzgestaltung.de\/woodi\/wp-content\/uploads\/2023\/04\/triban-rc120-gravelbike-tourer-umbau02.jpg 1117w\" sizes=\"(max-width: 1024px) 100vw, 1024px\" \/><figcaption>triban-rc120-gravelbike-tourer<\/figcaption><\/figure><p><strong>Die Carbongabel macht die RC120 <\/strong> leichter. Der Aluminiumrahmen wiegt ca. 2 kg. Die Rennradgeometrie hat ein hohes Steuerrohr und ein kurzes Oberrohr. So bist du auf dem RC120 bequem und trotzdem sehr sportlich unterwegs. Du kannst insgesamt aus 5 verschiedenen Rahmenh\u00f6hen w\u00e4hlen.<\/p><figure class=\"wp-block-image size-large\"><img loading=\"lazy\" decoding=\"async\" width=\"809\" height=\"523\" src=\"https:\/\/freiraum-holzgestaltung.de\/woodi\/wp-content\/uploads\/2023\/04\/triban-rc120-gravelbike-tourer-umbau01.jpg\" alt=\"\" class=\"wp-image-3410\" srcset=\"https:\/\/freiraum-holzgestaltung.de\/woodi\/wp-content\/uploads\/2023\/04\/triban-rc120-gravelbike-tourer-umbau01.jpg 809w, https:\/\/freiraum-holzgestaltung.de\/woodi\/wp-content\/uploads\/2023\/04\/triban-rc120-gravelbike-tourer-umbau01-300x194.jpg 300w, https:\/\/freiraum-holzgestaltung.de\/woodi\/wp-content\/uploads\/2023\/04\/triban-rc120-gravelbike-tourer-umbau01-768x496.jpg 768w, https:\/\/freiraum-holzgestaltung.de\/woodi\/wp-content\/uploads\/2023\/04\/triban-rc120-gravelbike-tourer-umbau01-500x323.jpg 500w\" sizes=\"(max-width: 809px) 100vw, 809px\" \/><figcaption>Rast mit dem Triban<\/figcaption><\/figure><p>Freundliche Bike Gr\u00fc\u00dfe &amp; Gute Fahrt!<\/p><p><\/p><p><a href=\"https:\/\/freiraum-holzgestaltung.de\/woodi\/fahrrad-wohnwagen-selber-bauen-der-plan\/\" class=\"rank-math-link\">&gt;&gt;&gt;Zum Bike Camper<\/a><\/p><div style=\"height:20px\" aria-hidden=\"true\" class=\"wp-block-spacer\"><\/div><div class=\"wp-block-media-text alignwide is-stacked-on-mobile is-vertically-aligned-top\" style=\"grid-template-columns:68% auto\"><figure class=\"wp-block-media-text__media\"><img loading=\"lazy\" decoding=\"async\" width=\"800\" height=\"300\" src=\"https:\/\/freiraum-holzgestaltung.de\/woodi\/wp-content\/uploads\/2021\/03\/autor-beitrag-lastenrad-heiko05.jpg\" alt=\"foto autor heiko lastenrad beitrag 40 modelle\" class=\"wp-image-1979\" srcset=\"https:\/\/freiraum-holzgestaltung.de\/woodi\/wp-content\/uploads\/2021\/03\/autor-beitrag-lastenrad-heiko05.jpg 800w, https:\/\/freiraum-holzgestaltung.de\/woodi\/wp-content\/uploads\/2021\/03\/autor-beitrag-lastenrad-heiko05-300x113.jpg 300w, https:\/\/freiraum-holzgestaltung.de\/woodi\/wp-content\/uploads\/2021\/03\/autor-beitrag-lastenrad-heiko05-768x288.jpg 768w, https:\/\/freiraum-holzgestaltung.de\/woodi\/wp-content\/uploads\/2021\/03\/autor-beitrag-lastenrad-heiko05-500x188.jpg 500w\" sizes=\"(max-width: 800px) 100vw, 800px\" \/><\/figure><div class=\"wp-block-media-text__content\"><p class=\"has-text-align-left\">\u201eFalls Fragen zum Triban RC 120 Umbau auftreten, einfach bei youtube einen Kommentar mit der Frage schreiben &#8211; ich helfe dann gern\u201d<\/p>\n\n<p class=\"has-text-align-right has-small-font-size\">(Autor: Heiko Troll | Aktualisiert: 30.03.2023)<\/p><\/div><\/div><p><\/p>","protected":false},"excerpt":{"rendered":"<p>Das Hobby-Rennrad Triban RC120 wurde kosteng\u00fcnstig zum Gravel-Touren Bike umgebaut Hallo Bike- und Selbstbau Freunde. Das Decathlon Triban RC 120 bietet viel Hobby-Rennrad f\u00fcrs Geld. Da es stabil gebaut ist und mit Scheibenbremsen ausgestattet auch sicher mit etwas Last zu fahren ist, habe ich das Triban RC120 zum Gravel-Touren Urlaubsbike umgebaut. Im Video seht ihr &#8230; <\/p>\n<p class=\"read-more-container\"><a title=\"Triban RC120 &#8211; Multitalent von Decathlon?\" class=\"read-more button\" href=\"https:\/\/freiraum-holzgestaltung.de\/woodi\/triban-rc120-decathlon\/#more-3403\">Continue<span class=\"screen-reader-text\">Triban RC120 &#8211; Multitalent von Decathlon?<\/span><\/a><\/p>\n","protected":false},"author":1,"featured_media":3411,"parent":0,"menu_order":0,"comment_status":"closed","ping_status":"closed","template":"","meta":{"footnotes":""},"_links":{"self":[{"href":"https:\/\/freiraum-holzgestaltung.de\/woodi\/wp-json\/wp\/v2\/pages\/3403"}],"collection":[{"href":"https:\/\/freiraum-holzgestaltung.de\/woodi\/wp-json\/wp\/v2\/pages"}],"about":[{"href":"https:\/\/freiraum-holzgestaltung.de\/woodi\/wp-json\/wp\/v2\/types\/page"}],"author":[{"embeddable":true,"href":"https:\/\/freiraum-holzgestaltung.de\/woodi\/wp-json\/wp\/v2\/users\/1"}],"replies":[{"embeddable":true,"href":"https:\/\/freiraum-holzgestaltung.de\/woodi\/wp-json\/wp\/v2\/comments?post=3403"}],"version-history":[{"count":2,"href":"https:\/\/freiraum-holzgestaltung.de\/woodi\/wp-json\/wp\/v2\/pages\/3403\/revisions"}],"predecessor-version":[{"id":3413,"href":"https:\/\/freiraum-holzgestaltung.de\/woodi\/wp-json\/wp\/v2\/pages\/3403\/revisions\/3413"}],"wp:featuredmedia":[{"embeddable":true,"href":"https:\/\/freiraum-holzgestaltung.de\/woodi\/wp-json\/wp\/v2\/media\/3411"}],"wp:attachment":[{"href":"https:\/\/freiraum-holzgestaltung.de\/woodi\/wp-json\/wp\/v2\/media?parent=3403"}],"curies":[{"name":"wp","href":"https:\/\/api.w.org\/{rel}","templated":true}]}}