{"id":1136,"date":"2020-11-30T08:56:45","date_gmt":"2020-11-30T08:56:45","guid":{"rendered":"https:\/\/freiraum-holzgestaltung.de\/woodi\/?page_id=1136"},"modified":"2021-05-27T09:47:00","modified_gmt":"2021-05-27T09:47:00","slug":"lastenrad-eigenbau-long-john","status":"publish","type":"page","link":"https:\/\/freiraum-holzgestaltung.de\/woodi\/lastenrad-eigenbau-long-john\/","title":{"rendered":"04.3 | Long John Lastenrad Eigenbau |"},"content":{"rendered":"<figure class=\"wp-block-gallery columns-3 is-cropped wp-block-gallery-1 is-layout-flex wp-block-gallery-is-layout-flex\"><ul class=\"blocks-gallery-grid\"><li class=\"blocks-gallery-item\"><figure><img loading=\"lazy\" decoding=\"async\" width=\"500\" height=\"335\" src=\"https:\/\/freiraum-holzgestaltung.de\/woodi\/wp-content\/uploads\/2020\/12\/02-1.jpg\" alt=\"lastenrad eigenbau long john\" data-id=\"1368\" data-full-url=\"https:\/\/freiraum-holzgestaltung.de\/woodi\/wp-content\/uploads\/2020\/12\/02-1.jpg\" data-link=\"https:\/\/freiraum-holzgestaltung.de\/woodi\/lastenrad-test\/attachment\/02-3\/#main\" class=\"wp-image-1368\" srcset=\"https:\/\/freiraum-holzgestaltung.de\/woodi\/wp-content\/uploads\/2020\/12\/02-1.jpg 500w, https:\/\/freiraum-holzgestaltung.de\/woodi\/wp-content\/uploads\/2020\/12\/02-1-300x201.jpg 300w\" sizes=\"(max-width: 500px) 100vw, 500px\" \/><\/figure><\/li><li class=\"blocks-gallery-item\"><figure><img loading=\"lazy\" decoding=\"async\" width=\"1024\" height=\"768\" src=\"https:\/\/freiraum-holzgestaltung.de\/woodi\/wp-content\/uploads\/2020\/12\/DSCI0270-1024x768.jpg\" alt=\"eigenbau long john\" data-id=\"1370\" data-full-url=\"https:\/\/freiraum-holzgestaltung.de\/woodi\/wp-content\/uploads\/2020\/12\/DSCI0270-scaled.jpg\" data-link=\"https:\/\/freiraum-holzgestaltung.de\/woodi\/lastenrad-test\/attachment\/dsci0270\/#main\" class=\"wp-image-1370\" srcset=\"https:\/\/freiraum-holzgestaltung.de\/woodi\/wp-content\/uploads\/2020\/12\/DSCI0270-1024x768.jpg 1024w, https:\/\/freiraum-holzgestaltung.de\/woodi\/wp-content\/uploads\/2020\/12\/DSCI0270-300x225.jpg 300w, https:\/\/freiraum-holzgestaltung.de\/woodi\/wp-content\/uploads\/2020\/12\/DSCI0270-768x576.jpg 768w, https:\/\/freiraum-holzgestaltung.de\/woodi\/wp-content\/uploads\/2020\/12\/DSCI0270-1536x1152.jpg 1536w, https:\/\/freiraum-holzgestaltung.de\/woodi\/wp-content\/uploads\/2020\/12\/DSCI0270-2048x1536.jpg 2048w, https:\/\/freiraum-holzgestaltung.de\/woodi\/wp-content\/uploads\/2020\/12\/DSCI0270-500x375.jpg 500w\" sizes=\"(max-width: 1024px) 100vw, 1024px\" \/><\/figure><\/li><li class=\"blocks-gallery-item\"><figure><img loading=\"lazy\" decoding=\"async\" width=\"715\" height=\"1024\" src=\"https:\/\/freiraum-holzgestaltung.de\/woodi\/wp-content\/uploads\/2020\/12\/01-1-715x1024.jpg\" alt=\"lastenrad eigenbau\" data-id=\"1367\" data-full-url=\"https:\/\/freiraum-holzgestaltung.de\/woodi\/wp-content\/uploads\/2020\/12\/01-1.jpg\" data-link=\"https:\/\/freiraum-holzgestaltung.de\/woodi\/lastenrad-test\/attachment\/01-3\/#main\" class=\"wp-image-1367\" srcset=\"https:\/\/freiraum-holzgestaltung.de\/woodi\/wp-content\/uploads\/2020\/12\/01-1-715x1024.jpg 715w, https:\/\/freiraum-holzgestaltung.de\/woodi\/wp-content\/uploads\/2020\/12\/01-1-209x300.jpg 209w, https:\/\/freiraum-holzgestaltung.de\/woodi\/wp-content\/uploads\/2020\/12\/01-1-768x1100.jpg 768w, https:\/\/freiraum-holzgestaltung.de\/woodi\/wp-content\/uploads\/2020\/12\/01-1-300x430.jpg 300w, https:\/\/freiraum-holzgestaltung.de\/woodi\/wp-content\/uploads\/2020\/12\/01-1-500x716.jpg 500w, https:\/\/freiraum-holzgestaltung.de\/woodi\/wp-content\/uploads\/2020\/12\/01-1.jpg 1000w\" sizes=\"(max-width: 715px) 100vw, 715px\" \/><\/figure><\/li><\/ul><\/figure><h4 class=\"wp-block-heading\"><strong>01 | Long John Lastenrad Eigenbau mit Sputnik-Rahmen-Basis<\/strong><\/h4><p><strong>Der Rahmen<\/strong> des Long John Lastenrades Sputnik wird in Kleinserie aus Aluminium hergestellt. Er ist solide geschwei\u00dft und wird unlackiert aber komplett mit St\u00e4nder, Lenkgest\u00e4nge und Vorderrad geliefert. Nach Grundierung und Lackierung mit 2K-Lack ging der An- bzw. Einbau der Teile und Komponenten relativ z\u00fcgig voran. <\/p><p><strong>Bei diesem Lastenrad Eigenbau Bauprojekt <\/strong>habe ich das erste Mal den Xiongda 2-speed Motor eingebaut und war von dem geringen Motorgewicht bei gleichzeitig enormer Leistung am Berg begeistert. Der Sputnik bekam eine Ladefl\u00e4che aus Alu-Riffelblech. Regler und Akku befinden sich darunter. Da das Rad als Fatbike konzipiert ist, passt die Optik der 80-100 mm Reifen gut zu einem als Lastenrad daher kommendem Velo. Mit viel Mut ist man mit dem Sputnik enorm schnell unterwegs. Lasten bis ca. 40 kg lassen sich gut transportieren, wenn man freie Fahrt hat. <\/p><p><strong>Im Stadtverkehr ist es manchmal etwas abenteuerlich<\/strong> mit dem Long John zu fahren. Enge Kurven sind schwer zu fahren, denn das Cargo-Bike hat einen eher gro\u00dfen Wendekreis. Es ist ein Long John Eigenbau f\u00fcr glatte Stra\u00dfen und Wege. Im Gel\u00e4nde kommt man damit nicht immer gut voran, aber das ist ja auch nicht das Haupteinsatzgebiet. Der Sputnik kommt nur noch selten an die frische Luft, seit dem das <a aria-label=\"Eigenbau Woodi  (opens in a new tab)\" rel=\"noreferrer noopener\" href=\"https:\/\/freiraum-holzgestaltung.de\/woodi\" target=\"_blank\" class=\"rank-math-link\">Eigenbau Woodi <\/a>fertig ist. <\/p><figure class=\"wp-block-image size-large is-style-default\"><img loading=\"lazy\" decoding=\"async\" width=\"1000\" height=\"369\" src=\"https:\/\/freiraum-holzgestaltung.de\/woodi\/wp-content\/uploads\/2020\/12\/03-1.jpg\" alt=\"lastenrad eigenbau o4\" class=\"wp-image-1369\" srcset=\"https:\/\/freiraum-holzgestaltung.de\/woodi\/wp-content\/uploads\/2020\/12\/03-1.jpg 1000w, https:\/\/freiraum-holzgestaltung.de\/woodi\/wp-content\/uploads\/2020\/12\/03-1-300x111.jpg 300w, https:\/\/freiraum-holzgestaltung.de\/woodi\/wp-content\/uploads\/2020\/12\/03-1-768x283.jpg 768w, https:\/\/freiraum-holzgestaltung.de\/woodi\/wp-content\/uploads\/2020\/12\/03-1-500x185.jpg 500w\" sizes=\"(max-width: 1000px) 100vw, 1000px\" \/><\/figure><div style=\"height:20px\" aria-hidden=\"true\" class=\"wp-block-spacer\"><\/div><h4 class=\"wp-block-heading\"><strong>02 | Technische Daten Lastenfahrrad Sputnik<\/strong><\/h4><ul><li>Rahmen: Aluminium, handgeschwei\u00dft<\/li><li>Lenkung: Achsschenkellenkung mit Gest\u00e4nge<\/li><li>Gesamtl\u00e4nge: 270 cm<\/li><li>Ladefl\u00e4che: 85 cm x 45 cm<\/li><li>Ladefl\u00e4che H\u00f6he: 32 cm<\/li><li>Leergewicht: ca.43 kg mit Aufbau und Akku<\/li><li>max.Systemgewicht: 180 kg<\/li><li>Schaltung: Shimano 2&#215;7-fach<\/li><li>Motor: Xiongda 2-speed 250 W &#8211; 48 Volt Untersetzung 1:4,4 und 1:8<\/li><li>Bremsen: Shimano hydraulische Scheibenbremsen 160\/180 mm (v\/h)<\/li><li>Regler: 36\/48 V max. 15 A mit Gangschalter<\/li><li>Akku: offenes System &#8211; 48 V \/ 500 Wh<\/li><li>Verbrauch: je nach Gel\u00e4nde und Beladung ca. 1 kWh \/ 100 km<\/li><\/ul><div style=\"height:20px\" aria-hidden=\"true\" class=\"wp-block-spacer\"><\/div><h4 class=\"wp-block-heading\"><strong>03 | Fazit <strong>Long John Lastenrad Eigenbau<\/strong> Sputnik<\/strong><\/h4><p><strong>Pro Sputnik:<\/strong><br>\u2022 Gute Federwirkung durch die Fatbike-Bereifung<br>\u2022 Bergtauglich auch mit Last<br>\u2022 Schnell<br>\u2022 Solider Rahmen &amp; sportliche Optik<\/p><p><strong>Contra Sputnik:<\/strong><br>\u2022 gew\u00f6hnungsbed\u00fcrftiges Fahrverhalten, vor allem bei niedriger Geschwindigkeit<br>\u2022 Lenkradius gro\u00df<br>\u2022 F\u00fcr Gel\u00e4ndefahrten nur bedingt geeignet<br>\u2022 Teurer Rahmen <\/p><p><\/p><p class=\"has-cyan-bluish-gray-color has-text-color\">(Ende Textauszug Lastenrad Eigenbau Leseprobe)<\/p><div class=\"wp-block-media-text is-stacked-on-mobile is-vertically-aligned-top\" style=\"grid-template-columns:49% auto\"><figure class=\"wp-block-media-text__media\"><a href=\"https:\/\/freiraum-holzgestaltung.de\/woodi\/produkt\/basic-lizenz\/\"><img loading=\"lazy\" decoding=\"async\" width=\"500\" height=\"698\" src=\"https:\/\/freiraum-holzgestaltung.de\/woodi\/wp-content\/uploads\/2020\/05\/holz_lastenrad01.jpg\" alt=\"Holz | fahrrad | selber bauen grundlagen\" class=\"wp-image-542\" srcset=\"https:\/\/freiraum-holzgestaltung.de\/woodi\/wp-content\/uploads\/2020\/05\/holz_lastenrad01.jpg 500w, https:\/\/freiraum-holzgestaltung.de\/woodi\/wp-content\/uploads\/2020\/05\/holz_lastenrad01-300x419.jpg 300w\" sizes=\"(max-width: 500px) 100vw, 500px\" \/><\/a><\/figure><div class=\"wp-block-media-text__content\"><div class=\"gb-button-wrapper gb-button-wrapper-483c592f\">\n<p><strong>Den vollst\u00e4ndigen Lastenrad-Test und alle Selbstbau-Info&#8217;s zum Woodi findest Du in der 69 seitigen Bauanleitung<\/strong>. Mit Praxis-Ratgebern, Tipp&#8217;s und detaillierten Schritt-f\u00fcr-Schritt-Anleitungen. ( \u00fcber 90 Abbildungen, Zeichnungen und Tabellen.)<\/p>\n\n<div style=\"height:50px\" aria-hidden=\"true\" class=\"wp-block-spacer\"><\/div>\n\n<a class=\"gb-button gb-button-aa1f5b63\" href=\"https:\/\/freiraum-holzgestaltung.de\/woodi\/produkt\/basic-lizenz\/\"><span class=\"gb-icon\"><svg aria-hidden=\"true\" height=\"1em\" width=\"1em\" viewBox=\"0 0 256 512\" xmlns=\"http:\/\/www.w3.org\/2000\/svg\"><path fill=\"currentColor\" d=\"M224.3 273l-136 136c-9.4 9.4-24.6 9.4-33.9 0l-22.6-22.6c-9.4-9.4-9.4-24.6 0-33.9l96.4-96.4-96.4-96.4c-9.4-9.4-9.4-24.6 0-33.9L54.3 103c9.4-9.4 24.6-9.4 33.9 0l136 136c9.5 9.4 9.5 24.6.1 34z\"><\/path><\/svg><\/span><span class=\"gb-button-text\">mehr lesen &#8230;<\/span><\/a>\n\n<p><\/p>\n<\/div><\/div><\/div><div style=\"height:100px\" aria-hidden=\"true\" class=\"wp-block-spacer\"><\/div><p><a rel=\"noreferrer noopener\" href=\"https:\/\/www.youtube.com\/channel\/UCZgPGfpSYbXP_LyLwPWfEuA\" target=\"_blank\">&gt;&gt;&gt; Lastenrad Kanal auf youtube<\/a><\/p>","protected":false},"excerpt":{"rendered":"<p>01 | Long John Lastenrad Eigenbau mit Sputnik-Rahmen-Basis Der Rahmen des Long John Lastenrades Sputnik wird in Kleinserie aus Aluminium hergestellt. Er ist solide geschwei\u00dft und wird unlackiert aber komplett mit St\u00e4nder, Lenkgest\u00e4nge und Vorderrad geliefert. Nach Grundierung und Lackierung mit 2K-Lack ging der An- bzw. Einbau der Teile und Komponenten relativ z\u00fcgig voran. Bei &#8230; <\/p>\n<p class=\"read-more-container\"><a title=\"04.3 | Long John Lastenrad Eigenbau |\" class=\"read-more button\" href=\"https:\/\/freiraum-holzgestaltung.de\/woodi\/lastenrad-eigenbau-long-john\/#more-1136\">Continue<span class=\"screen-reader-text\">04.3 | Long John Lastenrad Eigenbau |<\/span><\/a><\/p>\n","protected":false},"author":1,"featured_media":0,"parent":0,"menu_order":0,"comment_status":"closed","ping_status":"closed","template":"","meta":{"footnotes":""},"_links":{"self":[{"href":"https:\/\/freiraum-holzgestaltung.de\/woodi\/wp-json\/wp\/v2\/pages\/1136"}],"collection":[{"href":"https:\/\/freiraum-holzgestaltung.de\/woodi\/wp-json\/wp\/v2\/pages"}],"about":[{"href":"https:\/\/freiraum-holzgestaltung.de\/woodi\/wp-json\/wp\/v2\/types\/page"}],"author":[{"embeddable":true,"href":"https:\/\/freiraum-holzgestaltung.de\/woodi\/wp-json\/wp\/v2\/users\/1"}],"replies":[{"embeddable":true,"href":"https:\/\/freiraum-holzgestaltung.de\/woodi\/wp-json\/wp\/v2\/comments?post=1136"}],"version-history":[{"count":11,"href":"https:\/\/freiraum-holzgestaltung.de\/woodi\/wp-json\/wp\/v2\/pages\/1136\/revisions"}],"predecessor-version":[{"id":2889,"href":"https:\/\/freiraum-holzgestaltung.de\/woodi\/wp-json\/wp\/v2\/pages\/1136\/revisions\/2889"}],"wp:attachment":[{"href":"https:\/\/freiraum-holzgestaltung.de\/woodi\/wp-json\/wp\/v2\/media?parent=1136"}],"curies":[{"name":"wp","href":"https:\/\/api.w.org\/{rel}","templated":true}]}}