{"id":1134,"date":"2020-11-30T08:54:38","date_gmt":"2020-11-30T08:54:38","guid":{"rendered":"https:\/\/freiraum-holzgestaltung.de\/woodi\/?page_id=1134"},"modified":"2020-12-03T10:57:56","modified_gmt":"2020-12-03T10:57:56","slug":"lastenrad_multicharger_test","status":"publish","type":"page","link":"https:\/\/freiraum-holzgestaltung.de\/woodi\/lastenrad_multicharger_test\/","title":{"rendered":"04.2 | Lastenrad Multicharger | R &#038; M"},"content":{"rendered":"<h4 class=\"wp-block-heading\"><strong>01 | Kompakt<\/strong> <strong>Lastenrad Multicharger von Riese und M\u00fcller<\/strong><\/h4><p>Das Lastenrad Multicharger von Riese und M\u00fcller wird als \u201eE-Bike mit Kofferraum\u201c beworben &#8211; und tats\u00e4chlich bietet das Rad f\u00fcr diese Gr\u00f6\u00dfe gute Transportm\u00f6glichkeiten. Dabei kann man durchaus sportlich unterwegs sein &#8211; es f\u00e4hrt sich wendig mit guter Stra\u00dfenlage.<\/p><figure class=\"wp-block-gallery columns-3 is-cropped wp-block-gallery-1 is-layout-flex wp-block-gallery-is-layout-flex\"><ul class=\"blocks-gallery-grid\"><li class=\"blocks-gallery-item\"><figure><img loading=\"lazy\" decoding=\"async\" width=\"800\" height=\"597\" src=\"https:\/\/freiraum-holzgestaltung.de\/woodi\/wp-content\/uploads\/2020\/12\/03.jpg\" alt=\"Lastenrad Multicharger Bosch motor\" data-id=\"1326\" data-full-url=\"https:\/\/freiraum-holzgestaltung.de\/woodi\/wp-content\/uploads\/2020\/12\/03.jpg\" data-link=\"https:\/\/freiraum-holzgestaltung.de\/woodi\/lastenrad-elektro\/attachment\/03-2\/#main\" class=\"wp-image-1326\" srcset=\"https:\/\/freiraum-holzgestaltung.de\/woodi\/wp-content\/uploads\/2020\/12\/03.jpg 800w, https:\/\/freiraum-holzgestaltung.de\/woodi\/wp-content\/uploads\/2020\/12\/03-300x224.jpg 300w, https:\/\/freiraum-holzgestaltung.de\/woodi\/wp-content\/uploads\/2020\/12\/03-768x573.jpg 768w, https:\/\/freiraum-holzgestaltung.de\/woodi\/wp-content\/uploads\/2020\/12\/03-500x373.jpg 500w\" sizes=\"(max-width: 800px) 100vw, 800px\" \/><\/figure><\/li><li class=\"blocks-gallery-item\"><figure><img loading=\"lazy\" decoding=\"async\" width=\"1000\" height=\"893\" src=\"https:\/\/freiraum-holzgestaltung.de\/woodi\/wp-content\/uploads\/2020\/12\/02.jpg\" alt=\"Test Lastenrad Multicharger von Riese &amp; M\u00fcller\" data-id=\"1325\" data-full-url=\"https:\/\/freiraum-holzgestaltung.de\/woodi\/wp-content\/uploads\/2020\/12\/02.jpg\" data-link=\"https:\/\/freiraum-holzgestaltung.de\/woodi\/lastenrad-elektro\/attachment\/02-2\/#main\" class=\"wp-image-1325\" srcset=\"https:\/\/freiraum-holzgestaltung.de\/woodi\/wp-content\/uploads\/2020\/12\/02.jpg 1000w, https:\/\/freiraum-holzgestaltung.de\/woodi\/wp-content\/uploads\/2020\/12\/02-300x268.jpg 300w, https:\/\/freiraum-holzgestaltung.de\/woodi\/wp-content\/uploads\/2020\/12\/02-768x686.jpg 768w, https:\/\/freiraum-holzgestaltung.de\/woodi\/wp-content\/uploads\/2020\/12\/02-500x447.jpg 500w\" sizes=\"(max-width: 1000px) 100vw, 1000px\" \/><\/figure><\/li><li class=\"blocks-gallery-item\"><figure><img loading=\"lazy\" decoding=\"async\" width=\"1000\" height=\"671\" src=\"https:\/\/freiraum-holzgestaltung.de\/woodi\/wp-content\/uploads\/2020\/12\/01.jpg\" alt=\"Lastenrad Multicharger mit Bosch motor von Riese &amp; M\u00fcller\" data-id=\"1324\" data-full-url=\"https:\/\/freiraum-holzgestaltung.de\/woodi\/wp-content\/uploads\/2020\/12\/01.jpg\" data-link=\"https:\/\/freiraum-holzgestaltung.de\/woodi\/lastenrad-elektro\/attachment\/01-2\/#main\" class=\"wp-image-1324\" srcset=\"https:\/\/freiraum-holzgestaltung.de\/woodi\/wp-content\/uploads\/2020\/12\/01.jpg 1000w, https:\/\/freiraum-holzgestaltung.de\/woodi\/wp-content\/uploads\/2020\/12\/01-300x201.jpg 300w, https:\/\/freiraum-holzgestaltung.de\/woodi\/wp-content\/uploads\/2020\/12\/01-768x515.jpg 768w, https:\/\/freiraum-holzgestaltung.de\/woodi\/wp-content\/uploads\/2020\/12\/01-500x336.jpg 500w\" sizes=\"(max-width: 1000px) 100vw, 1000px\" \/><\/figure><\/li><\/ul><\/figure><p><\/p><p><strong>Das Rad kommt vor allem privat zum Einsatz<\/strong> oder wenn wenig Werkzeug noch schnell zu einer Baustelle muss. Es passt auch beladen \u00fcberall durch, vermittelt ein sicheres Normalfahrrad-Fahrgef\u00fchl und ist solide gebaut. Kleiner Wermutstropfen: Die Ladem\u00f6glichkeiten sind f\u00fcr ein Longtail durch den recht kurzen Hecktr\u00e4ger und das erlaubte Gesamtgewicht von 160 kg limitiert. <\/p><p><strong>\u00dcbertreibt man es beim Lastenrad Multicharger mit der Zuladung,<\/strong> stellt sich ein schwammiges, instabiles Fahrverhalten ein, was vermutlich auch am relativ kurzen Radstand liegt. Ab ca. 25 km\/h ist ein merklicher Tretwiderstand zu sp\u00fcren. Die interne \u00dcbersetzung des ansonsten kr\u00e4ftigen Bosch CX-Mittelmotors (2.Generation) und das vordere sehr kleine Kettenblatt d\u00fcrften der Grund daf\u00fcr sein. Man kann mit reiner Muskelkraft nach erfolgter Motorabregelung durchaus schneller fahren, hat aber immer diesen zus\u00e4tzlichen Widerstand zu \u00fcberwinden. <\/p><p><strong>Am Berg mit Motor ist der Multicharger<\/strong> auch mit moderater Last sehr kletterfreudig &#8211; da der Motor die Kettenschaltung mit nutzen kann. Das gesamte E-Bike Konzept ist \u00e4u\u00dferst stimmig. Der Hecktr\u00e4ger d\u00fcrfte bei diesen Rahmenma\u00dfen auch nicht l\u00e4nger sein. Die Reichweite mit dem 500 Wh Akku liegt bei etwa 80 km. <\/p><p><strong>Das geschlossene Akkusystem ist der Philosophie von Bosch zuzuschreiben. <\/strong>Man soll und kann nur die teuren Systemakkus verwenden. Ich sehe darin keinen Vorteil. Wenn man mehrere E-Lastenr\u00e4der im Einsatz hat, ist ein offenes Akku-Regler System flexibler und sparsamer. Au\u00dferdem bleibt bei Systemfehlern oft nur der Gang in die Fachwerkstatt. Das Handling ist sportlich und erlaubt dennoch entspanntes Fahren mit viel Freude.<\/p><div style=\"height:20px\" aria-hidden=\"true\" class=\"wp-block-spacer\"><\/div><h4 class=\"wp-block-heading\"><strong>02 | Technische Daten Lastenrad Multicharger von R+M<\/strong><\/h4><ul><li>Rahmen: Aluminium<\/li><li>Gesamtgewicht: max.160 kg<\/li><li>Leergewicht: 35 kg<\/li><li>L\u00e4nge: 197 cm<\/li><li>Radstand: 118 cm<\/li><li>Schaltung: Kette 1&#215;10 Shimano<\/li><li>Bremsen: Magura hydraulische Scheibenbremsen 180\/180 mm<\/li><li>Antrieb: Mittelmotor Bosch CX 36 V \/ 75 Nm<\/li><li>Akku: 36 V \/ 500 Wh geschlossenes System<\/li><li>Hecktr\u00e4ger: ca. 65&#215;13 cm \/ max. Last 60 kg<\/li><li>Fronttr\u00e4ger: ca. 30&#215;25 cm \/ max. Last 7 kg<\/li><li>Verbrauch: je nach Fahrweise ca. 0,8-1 kWh \/ 100 km<\/li><\/ul><div style=\"height:20px\" aria-hidden=\"true\" class=\"wp-block-spacer\"><\/div><h4 class=\"wp-block-heading\"><strong>03 | Fazit Lastenrad Multicharger<\/strong><\/h4><p><strong>Pro:<\/strong><\/p><ul><li>wendig und schnell<\/li><li>gut bergtauglich<\/li><li>stimmiges Design und Konzept<\/li><li>hohe Qualit\u00e4t<\/li><li>Fahrverhalten nah am Normal-E-Bike<\/li><li>im Notfall auch f\u00fcr Personentransport bis 60 kg geeignet<\/li><li>gute Reichweite bei akzeptablem Verbrauch<\/li><\/ul><div style=\"height:20px\" aria-hidden=\"true\" class=\"wp-block-spacer\"><\/div><p><strong>Contra:<\/strong><\/p><ul><li>sehr teuer<\/li><li>geschlossenes Akku-Regler-Motor System<\/li><li>durch das max. Gesamtgewicht von 160 kg begrenzte Zuladungsm\u00f6glichkeiten (bei Fahrer 100 kg + Eigenmasse von 35 kg bleiben praktisch nur 25 kg f\u00fcr die Last, obwohl der Hecktr\u00e4ger bis 60 kg zugelassen ist)<\/li><li>deutlicher Motor-Tretwiderstand ab 25km\/h<\/li><\/ul><p class=\"has-cyan-bluish-gray-color has-text-color\">(Ende Textauszug Leseprobe)<\/p><div class=\"wp-block-media-text is-stacked-on-mobile is-vertically-aligned-top\" style=\"grid-template-columns:49% auto\"><figure class=\"wp-block-media-text__media\"><a href=\"https:\/\/freiraum-holzgestaltung.de\/woodi\/produkt\/basic-lizenz\/\"><img loading=\"lazy\" decoding=\"async\" width=\"500\" height=\"698\" src=\"https:\/\/freiraum-holzgestaltung.de\/woodi\/wp-content\/uploads\/2020\/05\/holz_lastenrad01.jpg\" alt=\"Holz | fahrrad | selber bauen grundlagen\" class=\"wp-image-542\" srcset=\"https:\/\/freiraum-holzgestaltung.de\/woodi\/wp-content\/uploads\/2020\/05\/holz_lastenrad01.jpg 500w, https:\/\/freiraum-holzgestaltung.de\/woodi\/wp-content\/uploads\/2020\/05\/holz_lastenrad01-300x419.jpg 300w\" sizes=\"(max-width: 500px) 100vw, 500px\" \/><\/a><\/figure><div class=\"wp-block-media-text__content\"><div class=\"gb-button-wrapper gb-button-wrapper-483c592f\"><p><strong>Den vollst\u00e4ndigen Lastenrad-Test und alle Selbstbau-Info&#8217;s <\/strong>zum Woodi &#8211; dem Lastenrad zum selbst bauen &#8211; findest Du in der 69 seitigen Bauanleitung. Mit Praxis-Ratgebern, Tipp&#8217;s und detaillierten Schritt-f\u00fcr-Schritt-Anleitungen. ( \u00fcber 90 Abbildungen, Zeichnungen und Tabellen.)<\/p>\n\n<div style=\"height:50px\" aria-hidden=\"true\" class=\"wp-block-spacer\"><\/div>\n\n<a class=\"gb-button gb-button-aa1f5b63\" href=\"https:\/\/freiraum-holzgestaltung.de\/woodi\/produkt\/basic-lizenz\/\"><span class=\"gb-icon\"><svg xmlns=\"http:\/\/www.w3.org\/2000\/svg\" viewBox=\"0 0 256 512\" width=\"1em\" height=\"1em\" aria-hidden=\"true\"><path d=\"M224.3 273l-136 136c-9.4 9.4-24.6 9.4-33.9 0l-22.6-22.6c-9.4-9.4-9.4-24.6 0-33.9l96.4-96.4-96.4-96.4c-9.4-9.4-9.4-24.6 0-33.9L54.3 103c9.4-9.4 24.6-9.4 33.9 0l136 136c9.5 9.4 9.5 24.6.1 34z\" fill=\"currentColor\"><\/path><\/svg><\/span><span class=\"button-text\">mehr lesen &#8230;<\/span><\/a>\n\n<p><\/p><\/div><\/div><\/div><div style=\"height:24px\" aria-hidden=\"true\" class=\"wp-block-spacer\"><\/div><h4 class=\"wp-block-heading\"><strong>04 | Video Vergleich Lastenrad-Multicharger mit Selbstbau-Woodi<\/strong><\/h4><figure class=\"wp-block-embed-youtube wp-block-embed is-type-video is-provider-youtube wp-embed-aspect-16-9 wp-has-aspect-ratio\"><div class=\"wp-block-embed__wrapper\">\n<iframe loading=\"lazy\" title=\"Multicharger | Riese und M\u00fcller | Test | E-Bike | Holz | Lastenrad\" width=\"1200\" height=\"675\" src=\"https:\/\/www.youtube.com\/embed\/Ryt8t_DJ1PY?start=61&#038;feature=oembed\" frameborder=\"0\" allow=\"accelerometer; autoplay; clipboard-write; encrypted-media; gyroscope; picture-in-picture\" allowfullscreen><\/iframe>\n<\/div><\/figure><div style=\"height:100px\" aria-hidden=\"true\" class=\"wp-block-spacer\"><\/div><p><a rel=\"noreferrer noopener\" href=\"https:\/\/www.youtube.com\/channel\/UCZgPGfpSYbXP_LyLwPWfEuA\" target=\"_blank\">&gt;&gt;&gt; Lastenrad Kanal auf youtube<\/a><\/p>","protected":false},"excerpt":{"rendered":"<p>01 | Kompakt Lastenrad Multicharger von Riese und M\u00fcller Das Lastenrad Multicharger von Riese und M\u00fcller wird als \u201eE-Bike mit Kofferraum\u201c beworben &#8211; und tats\u00e4chlich bietet das Rad f\u00fcr diese Gr\u00f6\u00dfe gute Transportm\u00f6glichkeiten. Dabei kann man durchaus sportlich unterwegs sein &#8211; es f\u00e4hrt sich wendig mit guter Stra\u00dfenlage. Das Rad kommt vor allem privat zum &#8230; <\/p>\n<p class=\"read-more-container\"><a title=\"04.2 | Lastenrad Multicharger | R &#038; M\" class=\"read-more button\" href=\"https:\/\/freiraum-holzgestaltung.de\/woodi\/lastenrad_multicharger_test\/#more-1134\">Continue<span class=\"screen-reader-text\">04.2 | Lastenrad Multicharger | R &#038; M<\/span><\/a><\/p>\n","protected":false},"author":1,"featured_media":0,"parent":0,"menu_order":0,"comment_status":"closed","ping_status":"closed","template":"","meta":{"footnotes":""},"_links":{"self":[{"href":"https:\/\/freiraum-holzgestaltung.de\/woodi\/wp-json\/wp\/v2\/pages\/1134"}],"collection":[{"href":"https:\/\/freiraum-holzgestaltung.de\/woodi\/wp-json\/wp\/v2\/pages"}],"about":[{"href":"https:\/\/freiraum-holzgestaltung.de\/woodi\/wp-json\/wp\/v2\/types\/page"}],"author":[{"embeddable":true,"href":"https:\/\/freiraum-holzgestaltung.de\/woodi\/wp-json\/wp\/v2\/users\/1"}],"replies":[{"embeddable":true,"href":"https:\/\/freiraum-holzgestaltung.de\/woodi\/wp-json\/wp\/v2\/comments?post=1134"}],"version-history":[{"count":14,"href":"https:\/\/freiraum-holzgestaltung.de\/woodi\/wp-json\/wp\/v2\/pages\/1134\/revisions"}],"predecessor-version":[{"id":1492,"href":"https:\/\/freiraum-holzgestaltung.de\/woodi\/wp-json\/wp\/v2\/pages\/1134\/revisions\/1492"}],"wp:attachment":[{"href":"https:\/\/freiraum-holzgestaltung.de\/woodi\/wp-json\/wp\/v2\/media?parent=1134"}],"curies":[{"name":"wp","href":"https:\/\/api.w.org\/{rel}","templated":true}]}}