{"id":1131,"date":"2020-11-30T08:50:20","date_gmt":"2020-11-30T08:50:20","guid":{"rendered":"https:\/\/freiraum-holzgestaltung.de\/woodi\/?page_id=1131"},"modified":"2020-12-03T11:20:09","modified_gmt":"2020-12-03T11:20:09","slug":"lastenrad-test","status":"publish","type":"page","link":"https:\/\/freiraum-holzgestaltung.de\/woodi\/lastenrad-test\/","title":{"rendered":"04 | Lastenrad Test"},"content":{"rendered":"<h4 class=\"wp-block-heading\" id=\"von-unten\"><strong>Lastenrad Test | Musketier von Radkutsche | Multicharger &#8211; Riese &amp; M\u00fcller | Long John Sputnik<\/strong><\/h4><p><strong>Funktioniert denn das alles ohne Auto?<\/strong> Hier, auf dem Land? Auch im Winter bei Sturm und Gl\u00e4tte? F\u00fcr viele kaum vorstellbar. Immerhin sind Lastenr\u00e4der nach wie vor im l\u00e4ndlichen Raum eher die Ausnahme. Doch das autofreie Leben hat mehr positive Seiten, als man zun\u00e4chst glauben mag. Vielleicht kann dieser kleine Lastenrad Test mit dazu beitragen, althergebrachte Denkstrukturen, Gewohnheiten und Vorurteile zu hinterfragen. Wir leben im Jahr 2021. <a rel=\"nofollow\" class=\"rank-math-link\" href=\"#ohne-auto\">(mehr dazu&#8230;)<\/a><\/p><p><strong>Je nach Arbeitsumfang, Situation vor Ort und konkreter Transportaufgabe<\/strong> nutze ich derzeit privat und beruflich drei <a aria-label=\"( mit Woodi vier ) (opens in a new tab)\" href=\"https:\/\/freiraum-holzgestaltung.de\/woodi\/\" target=\"_blank\" rel=\"noreferrer noopener\" class=\"rank-math-link\">(mit Woodi vier)<\/a> verschiedenen Typen von Lastenfahrr\u00e4dern. Die Transporte laufen mittlerweile besser als anfangs gedacht &#8211; mit guter Planung geht fast alles. Hier meine Erfahrungen mit den Bike&#8217;s und ihren jeweiligen Vor- und Nachteilen in einem kleinen Lastenrad Test:<\/p><figure class=\"wp-block-gallery columns-3 is-cropped wp-block-gallery-1 is-layout-flex wp-block-gallery-is-layout-flex\"><ul class=\"blocks-gallery-grid\"><li class=\"blocks-gallery-item\"><figure><img loading=\"lazy\" decoding=\"async\" width=\"374\" height=\"238\" src=\"https:\/\/freiraum-holzgestaltung.de\/woodi\/wp-content\/uploads\/2020\/11\/lastenfahrrad_berater_05_2020-e1606903980360.jpg\" alt=\"Lastenrad Test Musketier von Radkutsche\" data-id=\"1008\" data-full-url=\"https:\/\/freiraum-holzgestaltung.de\/woodi\/wp-content\/uploads\/2020\/11\/lastenfahrrad_berater_05_2020-e1606903980360.jpg\" data-link=\"https:\/\/freiraum-holzgestaltung.de\/woodi\/lastenfahrrad-berater\/attachment\/lastenfahrrad_berater_05_2020\/#main\" class=\"wp-image-1008\" srcset=\"https:\/\/freiraum-holzgestaltung.de\/woodi\/wp-content\/uploads\/2020\/11\/lastenfahrrad_berater_05_2020-e1606903980360.jpg 374w, https:\/\/freiraum-holzgestaltung.de\/woodi\/wp-content\/uploads\/2020\/11\/lastenfahrrad_berater_05_2020-e1606903980360-300x191.jpg 300w\" sizes=\"(max-width: 374px) 100vw, 374px\" \/><\/figure><\/li><li class=\"blocks-gallery-item\"><figure><img loading=\"lazy\" decoding=\"async\" width=\"1000\" height=\"893\" src=\"https:\/\/freiraum-holzgestaltung.de\/woodi\/wp-content\/uploads\/2020\/12\/02.jpg\" alt=\"Test Lastenrad Multicharger von Riese &amp; M\u00fcller\" data-id=\"1325\" data-full-url=\"https:\/\/freiraum-holzgestaltung.de\/woodi\/wp-content\/uploads\/2020\/12\/02.jpg\" data-link=\"https:\/\/freiraum-holzgestaltung.de\/woodi\/lastenrad-elektro\/attachment\/02-2\/#main\" class=\"wp-image-1325\" srcset=\"https:\/\/freiraum-holzgestaltung.de\/woodi\/wp-content\/uploads\/2020\/12\/02.jpg 1000w, https:\/\/freiraum-holzgestaltung.de\/woodi\/wp-content\/uploads\/2020\/12\/02-300x268.jpg 300w, https:\/\/freiraum-holzgestaltung.de\/woodi\/wp-content\/uploads\/2020\/12\/02-768x686.jpg 768w, https:\/\/freiraum-holzgestaltung.de\/woodi\/wp-content\/uploads\/2020\/12\/02-500x447.jpg 500w\" sizes=\"(max-width: 1000px) 100vw, 1000px\" \/><\/figure><\/li><li class=\"blocks-gallery-item\"><figure><img loading=\"lazy\" decoding=\"async\" width=\"500\" height=\"335\" src=\"https:\/\/freiraum-holzgestaltung.de\/woodi\/wp-content\/uploads\/2020\/12\/02-1.jpg\" alt=\"Lastenrad Test Longjohn Sputnik\" data-id=\"1368\" data-full-url=\"https:\/\/freiraum-holzgestaltung.de\/woodi\/wp-content\/uploads\/2020\/12\/02-1.jpg\" data-link=\"https:\/\/freiraum-holzgestaltung.de\/woodi\/lastenrad-eigenbau-sputnik\/\" class=\"wp-image-1368\" srcset=\"https:\/\/freiraum-holzgestaltung.de\/woodi\/wp-content\/uploads\/2020\/12\/02-1.jpg 500w, https:\/\/freiraum-holzgestaltung.de\/woodi\/wp-content\/uploads\/2020\/12\/02-1-300x201.jpg 300w\" sizes=\"(max-width: 500px) 100vw, 500px\" \/><\/figure><\/li><\/ul><\/figure><div class=\"gb-grid-wrapper gb-grid-wrapper-e5cbdf26\"><div class=\"gb-grid-column gb-grid-column-9018a74d\"><div class=\"gb-container gb-container-9018a74d\"><div class=\"gb-inside-container\"><h4 class=\"wp-block-heading\"><strong><a href=\"https:\/\/freiraum-holzgestaltung.de\/woodi\/lastendreirad\/\" class=\"rank-math-link\">Lastenrad Test Musketier im gewerblichen Einsatz<\/a><\/strong><\/h4>\n\n<p class=\"has-text-align-left has-normal-font-size\">Ein starkes robustes Schwerlast-Transportrad mit universellen Aufbaum\u00f6glichkeiten. Die Firma Radkutsche ist flexibel und geht freundlich auf Sonderw\u00fcnsche ein. F\u00fcr den geplanten Pritschenaufbau lieferten sie ein Musketier mit verl\u00e4ngertem Rahmen. Dadurch ergab sich die M\u00f6glichkeit, eine Ladefl\u00e4che von&#8230;<\/p>\n\n<div class=\"gb-button-wrapper gb-button-wrapper-155ae56f\"><a class=\"gb-button gb-button-da107f4e\" href=\"https:\/\/freiraum-holzgestaltung.de\/woodi\/lastendreirad\/\"><span class=\"button-text\"><strong>weiter lesen&#8230;<\/strong><\/span><\/a><\/div><\/div><\/div><\/div>\n\n<div class=\"gb-grid-column gb-grid-column-80d098b2\"><div class=\"gb-container gb-container-80d098b2\"><div class=\"gb-inside-container\"><h4 class=\"wp-block-heading\"><strong><a href=\"https:\/\/freiraum-holzgestaltung.de\/woodi\/lastenrad_multicharger_test\/\" class=\"rank-math-link\">Erfahrungen<strong> mit dem E-Bike Multicharg<\/strong>er von R&amp;M<\/a><\/strong><\/h4>\n\n<p class=\"has-normal-font-size\">Der Multicharger von Riese und M\u00fcller wird als \u201eE-Bike mit Kofferraum\u201c beworben &#8211; und tats\u00e4chlich bietet das Rad f\u00fcr diese Gr\u00f6\u00dfe und L\u00e4nge gute Transportm\u00f6glichkeiten. Dabei kann man durchaus sportlich unterwegs sein &#8211; es f\u00e4hrt sich wendig mit guter Stra\u00dfenlage. Das Rad kommt vor allem privat&#8230; <\/p>\n\n<div class=\"gb-button-wrapper gb-button-wrapper-9fcfff4c\"><a class=\"gb-button gb-button-8f3f9536\" href=\"https:\/\/freiraum-holzgestaltung.de\/woodi\/lastenrad_multicharger_test\/\"><span class=\"button-text\"><strong>weiter lesen&#8230;<\/strong><\/span><\/a><\/div>\n\n<p><\/p><\/div><\/div><\/div>\n\n<div class=\"gb-grid-column gb-grid-column-c0cd8e03\"><div class=\"gb-container gb-container-c0cd8e03\"><div class=\"gb-inside-container\"><h4 class=\"wp-block-heading\"><strong><a href=\"https:\/\/freiraum-holzgestaltung.de\/woodi\/lastenrad-eigenbau-long-john\/\" class=\"rank-math-link\">Selbstaufbau Long John Sputnik Pro &amp; Contra <\/a><\/strong><\/h4>\n\n<p class=\"has-text-align-left has-normal-font-size\">Der Rahmen des Sputnik wird in Kleinserie aus Aluminium hergestellt. Nach Grundierung und Lackierung mit 2K-Lack ging der An- bzw. Einbau der Teile und Komponenten relativ z\u00fcgig voran. Bei diesem Bauprojekt habe ich das erste Mal den Xiongda 2-speed Motor eingebaut und war von der Leistung am Berg\u2026 <\/p>\n\n<div class=\"gb-button-wrapper gb-button-wrapper-6bca4962\"><a class=\"gb-button gb-button-11164218\" href=\"https:\/\/freiraum-holzgestaltung.de\/woodi\/lastenrad-eigenbau-long-john\/\"><span class=\"button-text\"><strong>weiter lesen&#8230;<\/strong><\/span><\/a><\/div><\/div><\/div><\/div><\/div><div style=\"height:20px\" aria-hidden=\"true\" class=\"wp-block-spacer\"><\/div><div class=\"wp-block-media-text is-stacked-on-mobile is-vertically-aligned-top\" style=\"grid-template-columns:49% auto\"><figure class=\"wp-block-media-text__media\"><a href=\"https:\/\/freiraum-holzgestaltung.de\/woodi\/produkt\/basic-lizenz\/\"><img loading=\"lazy\" decoding=\"async\" width=\"500\" height=\"698\" src=\"https:\/\/freiraum-holzgestaltung.de\/woodi\/wp-content\/uploads\/2020\/05\/holz_lastenrad01.jpg\" alt=\"Holz | fahrrad | selber bauen grundlagen\" class=\"wp-image-542\" srcset=\"https:\/\/freiraum-holzgestaltung.de\/woodi\/wp-content\/uploads\/2020\/05\/holz_lastenrad01.jpg 500w, https:\/\/freiraum-holzgestaltung.de\/woodi\/wp-content\/uploads\/2020\/05\/holz_lastenrad01-300x419.jpg 300w\" sizes=\"(max-width: 500px) 100vw, 500px\" \/><\/a><\/figure><div class=\"wp-block-media-text__content\"><div class=\"gb-button-wrapper gb-button-wrapper-483c592f\"><p><strong>Den vollst\u00e4ndigen Lastenrad-Test und alle Selbstbau-Info&#8217;s zum Woodi &#8211; dem Lastenrad aus Holz zum selbst bauen &#8211; findest Du in der 69 seitigen Bauanleitung<\/strong>. Mit Praxis-Ratgebern, Tipp&#8217;s und detaillierten Schritt-f\u00fcr-Schritt-Anleitungen. ( \u00fcber 90 Abbildungen, Zeichnungen und Tabellen.)<\/p>\n\n<div style=\"height:50px\" aria-hidden=\"true\" class=\"wp-block-spacer\"><\/div>\n\n<a class=\"gb-button gb-button-aa1f5b63\" href=\"https:\/\/freiraum-holzgestaltung.de\/woodi\/produkt\/basic-lizenz\/\"><span class=\"gb-icon\"><svg aria-hidden=\"true\" height=\"1em\" width=\"1em\" viewBox=\"0 0 256 512\" xmlns=\"http:\/\/www.w3.org\/2000\/svg\"><path fill=\"currentColor\" d=\"M224.3 273l-136 136c-9.4 9.4-24.6 9.4-33.9 0l-22.6-22.6c-9.4-9.4-9.4-24.6 0-33.9l96.4-96.4-96.4-96.4c-9.4-9.4-9.4-24.6 0-33.9L54.3 103c9.4-9.4 24.6-9.4 33.9 0l136 136c9.5 9.4 9.5 24.6.1 34z\"><\/path><\/svg><\/span><span class=\"button-text\">mehr lesen &#8230;<\/span><\/a>\n\n<p><\/p><\/div><\/div><\/div><p class=\"has-cyan-bluish-gray-color has-text-color\" id=\"ohne-auto\">&#8230;<\/p><p>(Fortsetzung Lastenrad Test)<\/p><h4 class=\"wp-block-heading\" id=\"ohne-auto\"><strong>Wir leben im Jahr 2021\u2026<\/strong> <\/h4><p><strong>Nach meinen bisherigen Erfahrungen und Gespr\u00e4chen<\/strong> gibt es hier auf dem Land im Osten nicht viele Menschen, die auch nur ann\u00e4hernd den Ernst der Lage erkannt haben &#8211; alte Gewohnheiten vermitteln ihnen das Gef\u00fchl von Kontrolle und Geborgenheit &#8211; in der Stadt sieht das schon anders aus.<\/p><p><strong>Das wir mit einem Liter Diesel rund 10 Kilowattstunden an Energie verbraten<\/strong>, hatte ich so in der Deutlichkeit vor ein paar Jahren auch noch nicht realisiert. Verbrennungsmotoren verbrauchen schon beim Anlassen so viel Energie, wie ein Lastenrad mit Motor inkl. Fahrer auf 50 Kilometern Fahrstrecke. Nur mit dem Unterschied, dass das Cargo-Bike keinen Dreck in die Luft bl\u00e4st, keinen Krach macht und man damit \u00fcberall hinkommt wo man hin will. Ein Lastenrad Test wird sicher nur wenige Autofan&#8217;s ansprechen und schon gar nicht \u00fcberzeugen, das ist mir klar.<\/p><p><strong>Doch es gibt eine Zeit, in der sich alles \u00e4ndern kann und wird.<\/strong> Der Punkt im Leben eines, mehrerer oder aller Menschen, wo die <em>\u201ebesinnungslose Betriebsamkeit\u201c<\/em> * aufh\u00f6rt normal zu sein, wo vielleicht sogar <em>normal<\/em> neu definiert werden muss: Ein neues Leben. Nach einem Unfall, nach gro\u00dfen menschlichen Entt\u00e4uschungen, der Geburt von Kindern oder Enkelkindern, nach Naturkatastrophen, nach Hitzewellen in Sibirien oder Buschbr\u00e4nden in halb Australien. Oder eben durch Corona oder die n\u00e4chste Pandemie. Dann werden die Leute anders. Und auf einmal ist alles m\u00f6glich, was vorher undenkbar war: \u00dcberall auf der Welt eine Maske aufsetzen oder irgenwann vielleicht sogar massenhaft Autos gegen Lastenr\u00e4der eintauschen.<\/p><p>*<em>\u201ebesinnungslose Betriebsamkeit\u201c<\/em> (Zitat: Stephan Gr\u00fcnewald)<\/p><p><a href=\"#von-unten\" rel=\"nofollow\" class=\"rank-math-link\">(nach oben)<\/a><\/p><div style=\"height:100px\" aria-hidden=\"true\" class=\"wp-block-spacer\"><\/div><p><a rel=\"noreferrer noopener\" class=\"rank-math-link\" href=\"https:\/\/www.youtube.com\/channel\/UCZgPGfpSYbXP_LyLwPWfEuA\" target=\"_blank\">&gt;&gt;&gt; Lastenrad Kanal auf youtube<\/a><\/p>","protected":false},"excerpt":{"rendered":"<p>Lastenrad Test | Musketier von Radkutsche | Multicharger &#8211; Riese &amp; M\u00fcller | Long John Sputnik Funktioniert denn das alles ohne Auto? Hier, auf dem Land? Auch im Winter bei Sturm und Gl\u00e4tte? F\u00fcr viele kaum vorstellbar. Immerhin sind Lastenr\u00e4der nach wie vor im l\u00e4ndlichen Raum eher die Ausnahme. Doch das autofreie Leben hat mehr &#8230; <\/p>\n<p class=\"read-more-container\"><a title=\"04 | Lastenrad Test\" class=\"read-more button\" href=\"https:\/\/freiraum-holzgestaltung.de\/woodi\/lastenrad-test\/#more-1131\">Continue<span class=\"screen-reader-text\">04 | Lastenrad Test<\/span><\/a><\/p>\n","protected":false},"author":1,"featured_media":0,"parent":0,"menu_order":0,"comment_status":"closed","ping_status":"closed","template":"","meta":{"footnotes":""},"_links":{"self":[{"href":"https:\/\/freiraum-holzgestaltung.de\/woodi\/wp-json\/wp\/v2\/pages\/1131"}],"collection":[{"href":"https:\/\/freiraum-holzgestaltung.de\/woodi\/wp-json\/wp\/v2\/pages"}],"about":[{"href":"https:\/\/freiraum-holzgestaltung.de\/woodi\/wp-json\/wp\/v2\/types\/page"}],"author":[{"embeddable":true,"href":"https:\/\/freiraum-holzgestaltung.de\/woodi\/wp-json\/wp\/v2\/users\/1"}],"replies":[{"embeddable":true,"href":"https:\/\/freiraum-holzgestaltung.de\/woodi\/wp-json\/wp\/v2\/comments?post=1131"}],"version-history":[{"count":57,"href":"https:\/\/freiraum-holzgestaltung.de\/woodi\/wp-json\/wp\/v2\/pages\/1131\/revisions"}],"predecessor-version":[{"id":1500,"href":"https:\/\/freiraum-holzgestaltung.de\/woodi\/wp-json\/wp\/v2\/pages\/1131\/revisions\/1500"}],"wp:attachment":[{"href":"https:\/\/freiraum-holzgestaltung.de\/woodi\/wp-json\/wp\/v2\/media?parent=1131"}],"curies":[{"name":"wp","href":"https:\/\/api.w.org\/{rel}","templated":true}]}}