{"id":1123,"date":"2020-11-30T08:35:45","date_gmt":"2020-11-30T08:35:45","guid":{"rendered":"https:\/\/freiraum-holzgestaltung.de\/woodi\/?page_id=1123"},"modified":"2020-12-06T10:47:22","modified_gmt":"2020-12-06T10:47:22","slug":"lastenrad-selber-bauen","status":"publish","type":"page","link":"https:\/\/freiraum-holzgestaltung.de\/woodi\/lastenrad-selber-bauen\/","title":{"rendered":"03 | LASTENRAD Selber Bauen"},"content":{"rendered":"<h4 class=\"wp-block-heading\"><strong>01 |<\/strong> <strong>Woodi &#8211; Lastenrad selber bauen<\/strong><\/h4><p><strong>Hier erf\u00e4hrst Du, wie Du ein robustes<\/strong> und preiswertes Lastenfahrrad einfach selber bauen kannst. Man muss nicht Tischler oder Zweiradmechatroniker sein, um das Lastenrad selber bauen zu k\u00f6nnen oder nach ganz eigenen Vorstellungen abzuwandeln und den individuellen Bed\u00fcrfnissen anzupassen.<\/p><figure class=\"wp-block-gallery columns-3 is-cropped wp-block-gallery-1 is-layout-flex wp-block-gallery-is-layout-flex\"><ul class=\"blocks-gallery-grid\"><li class=\"blocks-gallery-item\"><figure><img loading=\"lazy\" decoding=\"async\" width=\"1000\" height=\"398\" src=\"https:\/\/freiraum-holzgestaltung.de\/woodi\/wp-content\/uploads\/2020\/11\/kettenschutz.jpg\" alt=\"Lastenfahrrad selber bauen\" data-id=\"1229\" data-full-url=\"https:\/\/freiraum-holzgestaltung.de\/woodi\/wp-content\/uploads\/2020\/11\/kettenschutz.jpg\" data-link=\"https:\/\/freiraum-holzgestaltung.de\/woodi\/lastenfahrrad-e-bike-bauanleitung\/attachment\/kettenschutz\/#main\" class=\"wp-image-1229\" srcset=\"https:\/\/freiraum-holzgestaltung.de\/woodi\/wp-content\/uploads\/2020\/11\/kettenschutz.jpg 1000w, https:\/\/freiraum-holzgestaltung.de\/woodi\/wp-content\/uploads\/2020\/11\/kettenschutz-300x119.jpg 300w, https:\/\/freiraum-holzgestaltung.de\/woodi\/wp-content\/uploads\/2020\/11\/kettenschutz-768x306.jpg 768w, https:\/\/freiraum-holzgestaltung.de\/woodi\/wp-content\/uploads\/2020\/11\/kettenschutz-500x199.jpg 500w\" sizes=\"(max-width: 1000px) 100vw, 1000px\" \/><\/figure><\/li><li class=\"blocks-gallery-item\"><figure><img loading=\"lazy\" decoding=\"async\" width=\"1024\" height=\"576\" src=\"https:\/\/freiraum-holzgestaltung.de\/woodi\/wp-content\/uploads\/2020\/10\/woodi_bau02-1024x576.jpg\" alt=\"Lastenrad Fahrrad Holz cargo ebike diy bauen bauanleitung\" data-id=\"48\" data-full-url=\"https:\/\/freiraum-holzgestaltung.de\/woodi\/wp-content\/uploads\/2020\/10\/woodi_bau02.jpg\" data-link=\"https:\/\/freiraum-holzgestaltung.de\/woodi\/woodi_bau02\/\" class=\"wp-image-48\" srcset=\"https:\/\/freiraum-holzgestaltung.de\/woodi\/wp-content\/uploads\/2020\/10\/woodi_bau02-1024x576.jpg 1024w, https:\/\/freiraum-holzgestaltung.de\/woodi\/wp-content\/uploads\/2020\/10\/woodi_bau02-300x169.jpg 300w, https:\/\/freiraum-holzgestaltung.de\/woodi\/wp-content\/uploads\/2020\/10\/woodi_bau02-500x281.jpg 500w, https:\/\/freiraum-holzgestaltung.de\/woodi\/wp-content\/uploads\/2020\/10\/woodi_bau02-768x432.jpg 768w, https:\/\/freiraum-holzgestaltung.de\/woodi\/wp-content\/uploads\/2020\/10\/woodi_bau02-1536x864.jpg 1536w, https:\/\/freiraum-holzgestaltung.de\/woodi\/wp-content\/uploads\/2020\/10\/woodi_bau02.jpg 1920w\" sizes=\"(max-width: 1024px) 100vw, 1024px\" \/><\/figure><\/li><li class=\"blocks-gallery-item\"><figure><img loading=\"lazy\" decoding=\"async\" width=\"1000\" height=\"368\" src=\"https:\/\/freiraum-holzgestaltung.de\/woodi\/wp-content\/uploads\/2020\/12\/05.jpg\" alt=\"Holz im Fahrrad-Rahmen-Bau\" data-id=\"1292\" data-full-url=\"https:\/\/freiraum-holzgestaltung.de\/woodi\/wp-content\/uploads\/2020\/12\/05.jpg\" data-link=\"https:\/\/freiraum-holzgestaltung.de\/woodi\/holz-fahrrad-rahmen-bauen\/attachment\/05-2\/#main\" class=\"wp-image-1292\" srcset=\"https:\/\/freiraum-holzgestaltung.de\/woodi\/wp-content\/uploads\/2020\/12\/05.jpg 1000w, https:\/\/freiraum-holzgestaltung.de\/woodi\/wp-content\/uploads\/2020\/12\/05-300x110.jpg 300w, https:\/\/freiraum-holzgestaltung.de\/woodi\/wp-content\/uploads\/2020\/12\/05-768x283.jpg 768w, https:\/\/freiraum-holzgestaltung.de\/woodi\/wp-content\/uploads\/2020\/12\/05-500x184.jpg 500w\" sizes=\"(max-width: 1000px) 100vw, 1000px\" \/><\/figure><\/li><li class=\"blocks-gallery-item\"><figure><img loading=\"lazy\" decoding=\"async\" width=\"1024\" height=\"576\" src=\"https:\/\/freiraum-holzgestaltung.de\/woodi\/wp-content\/uploads\/2020\/10\/woodi_seitlich_nur_himmel-1024x576.jpg\" alt=\"Lastenrad Fahrrad selber bauen\" data-id=\"54\" data-full-url=\"https:\/\/freiraum-holzgestaltung.de\/woodi\/wp-content\/uploads\/2020\/10\/woodi_seitlich_nur_himmel.jpg\" data-link=\"https:\/\/freiraum-holzgestaltung.de\/woodi\/woodi_seitlich_nur_himmel\/\" class=\"wp-image-54\" srcset=\"https:\/\/freiraum-holzgestaltung.de\/woodi\/wp-content\/uploads\/2020\/10\/woodi_seitlich_nur_himmel-1024x576.jpg 1024w, https:\/\/freiraum-holzgestaltung.de\/woodi\/wp-content\/uploads\/2020\/10\/woodi_seitlich_nur_himmel-300x169.jpg 300w, https:\/\/freiraum-holzgestaltung.de\/woodi\/wp-content\/uploads\/2020\/10\/woodi_seitlich_nur_himmel-500x281.jpg 500w, https:\/\/freiraum-holzgestaltung.de\/woodi\/wp-content\/uploads\/2020\/10\/woodi_seitlich_nur_himmel-768x432.jpg 768w, https:\/\/freiraum-holzgestaltung.de\/woodi\/wp-content\/uploads\/2020\/10\/woodi_seitlich_nur_himmel-1536x864.jpg 1536w, https:\/\/freiraum-holzgestaltung.de\/woodi\/wp-content\/uploads\/2020\/10\/woodi_seitlich_nur_himmel.jpg 1920w\" sizes=\"(max-width: 1024px) 100vw, 1024px\" \/><figcaption class=\"blocks-gallery-item__caption\"><strong>Woodi &#8211; Das Lastenrad zum selber bauen<\/strong><\/figcaption><\/figure><\/li><\/ul><\/figure><p><strong>Einen Weg zu Deinem selbst gebauten Lastenrad findest Du in der Bauanleitung<\/strong> mit \u00fcber 90 Abbildungen, Zeichnungen und Tabellen. Schritt f\u00fcr Schritt erkl\u00e4rt. Der 69 seitige Bauplan macht Lastenrad selber bauen einfach. Auch der Bau des 85 cm langen Schwerlast-Gep\u00e4cktr\u00e4gers ist in der Bauanleitung zu finden. Dieser Heckt\u00e4ger kann fast ganz ohne Schwei\u00dfarbeiten kosteng\u00fcnstig aus \u00fcberall im Internet erh\u00e4ltlichen vorgefertigten Teilen leicht selbst gebaut werden. Je nach Ausf\u00fchrung der Tr\u00e4gerbefestigung liegt die maximal zul\u00e4ssige Belastung bei ca. 70-90 kg.<\/p><p><strong>Wer mit dem Bau eines Holz-Fahrrades<\/strong> lieb\u00e4ugelt, hat sicher schon diverse Erfahrungen mit Fahrradtechnik gesammelt. Kommen noch Heimwerker-Grundlagen der Holzbearbeitung und ein paar g\u00e4ngige Werkzeuge hinzu, steht Deinem Selbstbau-Lastenrad-Projekt nichts mehr im Weg.<\/p><p><strong>Fahrradtechnik ist und war schon immer Technik f\u00fcr alle Menschen.<\/strong> Relativ einfach zu reparieren und gut durchschaubar. Der Trend geht bei kommerziell hergestellten R\u00e4dern in eine immer komplexere Richtung. DIY-Reparaturen und selber bauen &amp; schrauben ist nicht mehr erw\u00fcnscht. Fahrr\u00e4der mit ABS, geschlossenen Akku-Motor Systemen und nicht handels\u00fcblichen sonstigen Komponenten erfordern oft den Gang in eine Spezialwerkstatt.<\/p><div style=\"height:20px\" aria-hidden=\"true\" class=\"wp-block-spacer\"><\/div><h4 class=\"wp-block-heading\"><strong>02 | Der Nutzwert eines Selbstbau-Cargo-Bike&#8217;s<\/strong><\/h4><p><strong>Der Nutzwert des Woodi besteht<\/strong> nicht nur darin, Lastentransport und Fahrspa\u00df mit Lust am <br>Selbstbau zu verbinden. Letztendlich l\u00e4sst sich ein Fahrrad, welches man von Grund auf selbst gebaut hat, nat\u00fcrlich auch selbst am besten reparieren. Ist das Woodi solide und mit Sorgfalt gebaut, wird man bei guter Pflege lange Zeit viel Freude damit haben.<\/p><p><strong>F\u00fcr den Selbst-Bau kann man je nach vorhandener Werkzeugausstattung<\/strong> etwa 120 Arbeitsstunden ansetzen &#8211; wobei das Wort \u201eArbeit\u201c nach meinem daf\u00fcrhalten am Kern der Sache etwas vorbei geht. Freude, Vergn\u00fcgen, Frohsinn und vor allem Arbeitslust passen vielleicht besser zur Bauzeitbeschreibung.<\/p><figure class=\"wp-block-gallery columns-3 is-cropped wp-block-gallery-2 is-layout-flex wp-block-gallery-is-layout-flex\"><ul class=\"blocks-gallery-grid\"><li class=\"blocks-gallery-item\"><figure><img loading=\"lazy\" decoding=\"async\" width=\"953\" height=\"1024\" src=\"https:\/\/freiraum-holzgestaltung.de\/woodi\/wp-content\/uploads\/2020\/10\/ankewoodi02-953x1024.jpg\" alt=\"33 Liter Multicharger Seitentaschen am Lastenrad woodi\" data-id=\"387\" data-full-url=\"https:\/\/freiraum-holzgestaltung.de\/woodi\/wp-content\/uploads\/2020\/10\/ankewoodi02.jpg\" data-link=\"https:\/\/freiraum-holzgestaltung.de\/woodi\/home\/attachment\/ankewoodi02\/#main\" class=\"wp-image-387\" srcset=\"https:\/\/freiraum-holzgestaltung.de\/woodi\/wp-content\/uploads\/2020\/10\/ankewoodi02-953x1024.jpg 953w, https:\/\/freiraum-holzgestaltung.de\/woodi\/wp-content\/uploads\/2020\/10\/ankewoodi02-300x323.jpg 300w, https:\/\/freiraum-holzgestaltung.de\/woodi\/wp-content\/uploads\/2020\/10\/ankewoodi02-500x538.jpg 500w, https:\/\/freiraum-holzgestaltung.de\/woodi\/wp-content\/uploads\/2020\/10\/ankewoodi02-279x300.jpg 279w, https:\/\/freiraum-holzgestaltung.de\/woodi\/wp-content\/uploads\/2020\/10\/ankewoodi02-768x826.jpg 768w, https:\/\/freiraum-holzgestaltung.de\/woodi\/wp-content\/uploads\/2020\/10\/ankewoodi02.jpg 1000w\" sizes=\"(max-width: 953px) 100vw, 953px\" \/><figcaption class=\"blocks-gallery-item__caption\"><strong>Woodi mit Packtasche 33 Liter<\/strong><\/figcaption><\/figure><\/li><li class=\"blocks-gallery-item\"><figure><img loading=\"lazy\" decoding=\"async\" width=\"1000\" height=\"926\" src=\"https:\/\/freiraum-holzgestaltung.de\/woodi\/wp-content\/uploads\/2020\/10\/schraegvonhinten_autobahn.jpg\" alt=\"Woodi - Das Lastenrad zum selber bauen\" data-id=\"388\" data-full-url=\"https:\/\/freiraum-holzgestaltung.de\/woodi\/wp-content\/uploads\/2020\/10\/schraegvonhinten_autobahn.jpg\" data-link=\"https:\/\/freiraum-holzgestaltung.de\/woodi\/home\/attachment\/schraegvonhinten_autobahn\/#main\" class=\"wp-image-388\" srcset=\"https:\/\/freiraum-holzgestaltung.de\/woodi\/wp-content\/uploads\/2020\/10\/schraegvonhinten_autobahn.jpg 1000w, https:\/\/freiraum-holzgestaltung.de\/woodi\/wp-content\/uploads\/2020\/10\/schraegvonhinten_autobahn-300x278.jpg 300w, https:\/\/freiraum-holzgestaltung.de\/woodi\/wp-content\/uploads\/2020\/10\/schraegvonhinten_autobahn-500x463.jpg 500w, https:\/\/freiraum-holzgestaltung.de\/woodi\/wp-content\/uploads\/2020\/10\/schraegvonhinten_autobahn-768x711.jpg 768w\" sizes=\"(max-width: 1000px) 100vw, 1000px\" \/><figcaption class=\"blocks-gallery-item__caption\"><strong>85 cm langer Hecktr\u00e4ger<\/strong><\/figcaption><\/figure><\/li><li class=\"blocks-gallery-item\"><figure><img loading=\"lazy\" decoding=\"async\" width=\"1000\" height=\"932\" src=\"https:\/\/freiraum-holzgestaltung.de\/woodi\/wp-content\/uploads\/2020\/10\/vonschraegvorne_wasser.jpg\" alt=\"Elektro-Fahrrad Woodi - Das Lastenrad zum selber bauen\" data-id=\"391\" data-full-url=\"https:\/\/freiraum-holzgestaltung.de\/woodi\/wp-content\/uploads\/2020\/10\/vonschraegvorne_wasser.jpg\" data-link=\"https:\/\/freiraum-holzgestaltung.de\/woodi\/home\/attachment\/vonschraegvorne_wasser\/#main\" class=\"wp-image-391\" srcset=\"https:\/\/freiraum-holzgestaltung.de\/woodi\/wp-content\/uploads\/2020\/10\/vonschraegvorne_wasser.jpg 1000w, https:\/\/freiraum-holzgestaltung.de\/woodi\/wp-content\/uploads\/2020\/10\/vonschraegvorne_wasser-300x280.jpg 300w, https:\/\/freiraum-holzgestaltung.de\/woodi\/wp-content\/uploads\/2020\/10\/vonschraegvorne_wasser-500x466.jpg 500w, https:\/\/freiraum-holzgestaltung.de\/woodi\/wp-content\/uploads\/2020\/10\/vonschraegvorne_wasser-768x716.jpg 768w\" sizes=\"(max-width: 1000px) 100vw, 1000px\" \/><figcaption class=\"blocks-gallery-item__caption\"><strong>Fronttr\u00e4ger f\u00fcr&#8217;s kleine Gep\u00e4ck<\/strong><\/figcaption><\/figure><\/li><\/ul><\/figure><div style=\"height:20px\" aria-hidden=\"true\" class=\"wp-block-spacer\"><\/div><h4 class=\"wp-block-heading\"><strong>03 | Lastenrad als origineller Werbetr\u00e4ger<\/strong><\/h4><p><strong>Ein Lastenrad selber bauen macht schon unglaublich viel Freude, doch dann kommt ja noch der gro\u00dfe Moment:<\/strong> Dein Woodi-Lastenrad steht das erste Mal auf seinen zwei R\u00e4dern. Es wird unterwegs viele neugierige Blicke anziehen und fast \u00fcberall f\u00fcr Aufsehen sorgen. Deshalb eignet sich dein Lastenfahrrad auch hervorragend als <strong>Webetr\u00e4ger<\/strong> f\u00fcr die verschiedensten Branchen. <\/p><p><strong>Du kannst die reine Form wirken lassen<\/strong> und das Fahrrad klar &amp; \u00fcrspr\u00fcnglich im Holzlook belassen &#8211; farbliche Akzente setzen &#8211; oder sogar individuell richtig Bunt anmalen. Deinen eigenen Ideen und Vorstellungen sind keine Grenzen gesetzt&#8230;<\/p><p><strong>Gutes Gelingen und viel Spa\u00df beim Bauen &amp; Biken.<\/strong><br>Heiko Troll | Freiraum-Holzgestaltung<\/p><p><\/p><p class=\"has-cyan-bluish-gray-color has-text-color\">( Ende Textauszug Lastenrad selber bauen)<\/p><div style=\"height:100px\" aria-hidden=\"true\" class=\"wp-block-spacer\"><\/div><p><a rel=\"noreferrer noopener\" href=\"https:\/\/www.youtube.com\/channel\/UCZgPGfpSYbXP_LyLwPWfEuA\" target=\"_blank\">&gt;&gt;&gt; Lastenrad Kanal auf youtube<\/a><\/p>","protected":false},"excerpt":{"rendered":"<p>01 | Woodi &#8211; Lastenrad selber bauen Hier erf\u00e4hrst Du, wie Du ein robustes und preiswertes Lastenfahrrad einfach selber bauen kannst. Man muss nicht Tischler oder Zweiradmechatroniker sein, um das Lastenrad selber bauen zu k\u00f6nnen oder nach ganz eigenen Vorstellungen abzuwandeln und den individuellen Bed\u00fcrfnissen anzupassen. Einen Weg zu Deinem selbst gebauten Lastenrad findest Du &#8230; <\/p>\n<p class=\"read-more-container\"><a title=\"03 | LASTENRAD Selber Bauen\" class=\"read-more button\" href=\"https:\/\/freiraum-holzgestaltung.de\/woodi\/lastenrad-selber-bauen\/#more-1123\">Continue<span class=\"screen-reader-text\">03 | LASTENRAD Selber Bauen<\/span><\/a><\/p>\n","protected":false},"author":1,"featured_media":0,"parent":0,"menu_order":0,"comment_status":"closed","ping_status":"closed","template":"","meta":{"footnotes":""},"_links":{"self":[{"href":"https:\/\/freiraum-holzgestaltung.de\/woodi\/wp-json\/wp\/v2\/pages\/1123"}],"collection":[{"href":"https:\/\/freiraum-holzgestaltung.de\/woodi\/wp-json\/wp\/v2\/pages"}],"about":[{"href":"https:\/\/freiraum-holzgestaltung.de\/woodi\/wp-json\/wp\/v2\/types\/page"}],"author":[{"embeddable":true,"href":"https:\/\/freiraum-holzgestaltung.de\/woodi\/wp-json\/wp\/v2\/users\/1"}],"replies":[{"embeddable":true,"href":"https:\/\/freiraum-holzgestaltung.de\/woodi\/wp-json\/wp\/v2\/comments?post=1123"}],"version-history":[{"count":17,"href":"https:\/\/freiraum-holzgestaltung.de\/woodi\/wp-json\/wp\/v2\/pages\/1123\/revisions"}],"predecessor-version":[{"id":1625,"href":"https:\/\/freiraum-holzgestaltung.de\/woodi\/wp-json\/wp\/v2\/pages\/1123\/revisions\/1625"}],"wp:attachment":[{"href":"https:\/\/freiraum-holzgestaltung.de\/woodi\/wp-json\/wp\/v2\/media?parent=1123"}],"curies":[{"name":"wp","href":"https:\/\/api.w.org\/{rel}","templated":true}]}}